66.249.65.172 - - [02/Jul/2026:05:56:19 +0700] "GET /items/A124236510 HTTP/1.1" 301 5 "-" "Mozilla/5.0 (Linux; Android 6.0.1; Nexus 5X Build/MMB29P) AppleWebKit/537.36 (KHTML, like Gecko) Chrome/150.0.7871.46 Mobile Safari/537.36 (compatible; Googlebot/2.1; +http://www.google.com/bot.html)"
66.249.65.171 - - [02/Jul/2026:05:56:19 +0700] "GET /items/A130841868 HTTP/1.1" 301 5 "-" "Mozilla/5.0 (Linux; Android 6.0.1; Nexus 5X Build/MMB29P) AppleWebKit/537.36 (KHTML, like Gecko) Chrome/150.0.7871.46 Mobile Safari/537.36 (compatible; Googlebot/2.1; +http://www.google.com/bot.html)"
87.250.224.2 - - [02/Jul/2026:05:56:20 +0700] "GET /items/A124387668 HTTP/1.1" 301 5 "-" "Mozilla/5.0 (compatible; YandexBot/3.0; +http://yandex.com/bots)"
66.249.65.173 - - [02/Jul/2026:05:56:20 +0700] "GET /items/A124236510/ HTTP/1.1" 200 21525 "-" "Mozilla/5.0 (Linux; Android 6.0.1; Nexus 5X Build/MMB29P) AppleWebKit/537.36 (KHTML, like Gecko) Chrome/150.0.7871.46 Mobile Safari/537.36 (compatible; Googlebot/2.1; +http://www.google.com/bot.html)"
66.249.65.173 - - [02/Jul/2026:05:56:21 +0700] "GET /items/A130841868/ HTTP/1.1" 200 21504 "-" "Mozilla/5.0 (Linux; Android 6.0.1; Nexus 5X Build/MMB29P) AppleWebKit/537.36 (KHTML, like Gecko) Chrome/150.0.7871.46 Mobile Safari/537.36 (compatible; Googlebot/2.1; +http://www.google.com/bot.html)"
95.108.213.214 - - [02/Jul/2026:05:56:21 +0700] "GET /items/A124387668/ HTTP/1.1" 200 21516 "-" "Mozilla/5.0 (compatible; YandexBot/3.0; +http://yandex.com/bots)"
66.249.65.172 - - [02/Jul/2026:05:57:19 +0700] "GET /items/A128863848 HTTP/1.1" 301 5 "-" "Mozilla/5.0 (Linux; Android 6.0.1; Nexus 5X Build/MMB29P) AppleWebKit/537.36 (KHTML, like Gecko) Chrome/150.0.7871.46 Mobile Safari/537.36 (compatible; Googlebot/2.1; +http://www.google.com/bot.html)"
66.249.65.173 - - [02/Jul/2026:05:57:19 +0700] "GET /items/A128863848/ HTTP/1.1" 200 21446 "-" "Mozilla/5.0 (Linux; Android 6.0.1; Nexus 5X Build/MMB29P) AppleWebKit/537.36 (KHTML, like Gecko) Chrome/150.0.7871.46 Mobile Safari/537.36 (compatible; Googlebot/2.1; +http://www.google.com/bot.html)"
66.249.71.197 - - [02/Jul/2026:05:57:33 +0700] "GET /items/A389893384 HTTP/1.1" 301 5 "-" "Mozilla/5.0 (Linux; Android 6.0.1; Nexus 5X Build/MMB29P) AppleWebKit/537.36 (KHTML, like Gecko) Chrome/149.0.7827.200 Mobile Safari/537.36 (compatible; Googlebot/2.1; +http://www.google.com/bot.html)"
66.249.71.171 - - [02/Jul/2026:05:57:34 +0700] "GET /items/A389893384/ HTTP/1.1" 200 21474 "-" "Mozilla/5.0 (Linux; Android 6.0.1; Nexus 5X Build/MMB29P) AppleWebKit/537.36 (KHTML, like Gecko) Chrome/149.0.7827.200 Mobile Safari/537.36 (compatible; Googlebot/2.1; +http://www.google.com/bot.html)"
87.250.224.215 - - [02/Jul/2026:05:58:48 +0700] "GET /items/A124387668/ HTTP/1.1" 200 21538 "-" "Mozilla/5.0 (compatible; YandexBot/3.0; +http://yandex.com/bots)"
204.12.208.18 - - [02/Jul/2026:06:00:22 +0700] "GET /wp-content/imdc7ebd/edit.php HTTP/1.1" 499 0 "https://cuuhootoxemay-24h.com/wp-content/imdc7ebd/edit.php" "Mozilla/5.0 (X11; Linux i686) AppleWebKit/535.2 (KHTML, like Gecko) Ubuntu/10.04 Chromium/15.0.874.106 Chrome/15.0.874.106 Safari/535.2"
204.12.208.18 - - [02/Jul/2026:06:00:25 +0700] "GET /wp-content/imdc7ebd/edit.php HTTP/1.1" 200 37 "https://cuuhootoxemay-24h.com/wp-content/imdc7ebd/edit.php" "Mozilla/5.0 (compatible; MSIE 10.0; Windows NT 6.2; ARM; Trident/6.0)"
213.180.203.31 - - [02/Jul/2026:06:00:32 +0700] "GET /items/A122925498/ HTTP/1.1" 200 44 "-" "Mozilla/5.0 (compatible; YandexBot/3.0; +http://yandex.com/bots)"
66.249.71.195 - - [02/Jul/2026:06:00:49 +0700] "GET /items/A372150050 HTTP/1.1" 200 25777 "-" "Mozilla/5.0 (Linux; Android 6.0.1; Nexus 5X Build/MMB29P) AppleWebKit/537.36 (KHTML, like Gecko) Chrome/149.0.7827.200 Mobile Safari/537.36 (compatible; Googlebot/2.1; +http://www.google.com/bot.html)"
107.175.94.125 - - [02/Jul/2026:06:00:50 +0700] "GET /wp-login.php HTTP/1.1" 200 3317 "-" "Mozilla/5.0 (Windows NT 10.0; Win64; x64) AppleWebKit/537.36 (KHTML, like Gecko) Chrome/120.0.0.0 Safari/537.36"
107.175.94.125 - - [02/Jul/2026:06:00:50 +0700] "POST /wp-login.php HTTP/1.1" 200 3477 "https://cuuhootoxemay-24h.com/wp-login.php" "Mozilla/5.0 (Windows NT 10.0; Win64; x64) AppleWebKit/537.36 (KHTML, like Gecko) Chrome/120.0.0.0 Safari/537.36"
95.108.213.243 - - [02/Jul/2026:06:02:04 +0700] "GET /items/A122665842 HTTP/1.1" 200 44 "-" "Mozilla/5.0 (compatible; YandexBot/3.0; +http://yandex.com/bots)"
95.108.213.196 - - [02/Jul/2026:06:02:42 +0700] "GET /items/A131970402 HTTP/1.1" 200 44 "-" "Mozilla/5.0 (compatible; YandexBot/3.0; +http://yandex.com/bots)"
66.249.73.225 - - [02/Jul/2026:06:04:05 +0700] "GET /items/A407255190 HTTP/1.1" 200 24361 "-" "Mozilla/5.0 (Linux; Android 6.0.1; Nexus 5X Build/MMB29P) AppleWebKit/537.36 (KHTML, like Gecko) Chrome/149.0.7827.200 Mobile Safari/537.36 (compatible; Googlebot/2.1; +http://www.google.com/bot.html)"
51.68.107.150 - - [02/Jul/2026:06:04:22 +0700] "GET /robots.txt HTTP/1.1" 200 415 "-" "Mozilla/5.0 (compatible; MJ12bot/v2.0.5; http://mj12bot.com/)"
51.68.107.150 - - [02/Jul/2026:06:04:24 +0700] "GET / HTTP/1.1" 200 21428 "-" "Mozilla/5.0 (compatible; MJ12bot/v2.0.5; http://mj12bot.com/)"
213.180.203.236 - - [02/Jul/2026:06:04:52 +0700] "GET /items/A122051184 HTTP/1.1" 301 5 "-" "Mozilla/5.0 (compatible; YandexBot/3.0; +http://yandex.com/bots)"
95.108.213.143 - - [02/Jul/2026:06:04:54 +0700] "GET /items/A122051184/ HTTP/1.1" 200 21476 "-" "Mozilla/5.0 (compatible; YandexBot/3.0; +http://yandex.com/bots)"
95.108.213.142 - - [02/Jul/2026:06:05:16 +0700] "GET /items/A119810004/ HTTP/1.1" 200 21441 "-" "Mozilla/5.0 (compatible; YandexBot/3.0; +http://yandex.com/bots)"
95.108.213.186 - - [02/Jul/2026:06:05:18 +0700] "GET /items/A131490348 HTTP/1.1" 301 5 "-" "Mozilla/5.0 (compatible; YandexBot/3.0; +http://yandex.com/bots)"
5.255.231.42 - - [02/Jul/2026:06:05:20 +0700] "GET /items/A131490348/ HTTP/1.1" 200 21531 "-" "Mozilla/5.0 (compatible; YandexBot/3.0; +http://yandex.com/bots)"
66.249.73.226 - - [02/Jul/2026:06:07:37 +0700] "GET /items/A370361186 HTTP/1.1" 301 5 "-" "Mozilla/5.0 (Linux; Android 6.0.1; Nexus 5X Build/MMB29P) AppleWebKit/537.36 (KHTML, like Gecko) Chrome/149.0.7827.200 Mobile Safari/537.36 (compatible; Googlebot/2.1; +http://www.google.com/bot.html)"
66.249.65.172 - - [02/Jul/2026:06:07:39 +0700] "GET /items/A370361186/ HTTP/1.1" 200 21508 "-" "Mozilla/5.0 (Linux; Android 6.0.1; Nexus 5X Build/MMB29P) AppleWebKit/537.36 (KHTML, like Gecko) Chrome/149.0.7827.200 Mobile Safari/537.36 (compatible; Googlebot/2.1; +http://www.google.com/bot.html)"
66.249.65.173 - - [02/Jul/2026:06:07:40 +0700] "GET /items/A125498802 HTTP/1.1" 301 5 "-" "Mozilla/5.0 (Linux; Android 6.0.1; Nexus 5X Build/MMB29P) AppleWebKit/537.36 (KHTML, like Gecko) Chrome/149.0.7827.200 Mobile Safari/537.36 (compatible; Googlebot/2.1; +http://www.google.com/bot.html)"
66.249.71.171 - - [02/Jul/2026:06:07:41 +0700] "GET /items/A125498802/ HTTP/1.1" 200 21517 "-" "Mozilla/5.0 (Linux; Android 6.0.1; Nexus 5X Build/MMB29P) AppleWebKit/537.36 (KHTML, like Gecko) Chrome/149.0.7827.200 Mobile Safari/537.36 (compatible; Googlebot/2.1; +http://www.google.com/bot.html)"
162.0.226.2 - - [02/Jul/2026:06:08:29 +0700] "GET /wp-login.php HTTP/1.1" 200 3317 "-" "Mozilla/5.0 (X11; Ubuntu; Linux x86_64; rv:133.0) Gecko/20100101 Firefox/133.0"
162.0.226.2 - - [02/Jul/2026:06:08:29 +0700] "POST /wp-login.php HTTP/1.1" 200 3477 "https://cuuhootoxemay-24h.com/wp-login.php" "Mozilla/5.0 (X11; Ubuntu; Linux x86_64; rv:133.0) Gecko/20100101 Firefox/133.0"
103.75.185.95 - - [02/Jul/2026:06:08:31 +0700] "GET / HTTP/1.1" 200 21549 "-" "Mozilla/5.0 (X11; Linux x86_64) AppleWebKit/537.36 (KHTML, like Gecko) Chrome/44.0.2403.157 Safari/537.36"
66.249.71.172 - - [02/Jul/2026:06:10:42 +0700] "GET /037000920.htm HTTP/1.1" 301 5 "-" "Mozilla/5.0 (Linux; Android 6.0.1; Nexus 5X Build/MMB29P) AppleWebKit/537.36 (KHTML, like Gecko) Chrome/149.0.7827.200 Mobile Safari/537.36 (compatible; Googlebot/2.1; +http://www.google.com/bot.html)"
66.249.71.172 - - [02/Jul/2026:06:10:42 +0700] "GET /037000920.htm/ HTTP/1.1" 200 21537 "-" "Mozilla/5.0 (Linux; Android 6.0.1; Nexus 5X Build/MMB29P) AppleWebKit/537.36 (KHTML, like Gecko) Chrome/149.0.7827.200 Mobile Safari/537.36 (compatible; Googlebot/2.1; +http://www.google.com/bot.html)"
66.249.71.171 - - [02/Jul/2026:06:11:58 +0700] "GET /items/A125006574 HTTP/1.1" 301 5 "-" "Mozilla/5.0 (Linux; Android 6.0.1; Nexus 5X Build/MMB29P) AppleWebKit/537.36 (KHTML, like Gecko) Chrome/150.0.7871.46 Mobile Safari/537.36 (compatible; Googlebot/2.1; +http://www.google.com/bot.html)"
66.249.71.172 - - [02/Jul/2026:06:11:59 +0700] "GET /items/A125006574/ HTTP/1.1" 200 21494 "-" "Mozilla/5.0 (Linux; Android 6.0.1; Nexus 5X Build/MMB29P) AppleWebKit/537.36 (KHTML, like Gecko) Chrome/150.0.7871.46 Mobile Safari/537.36 (compatible; Googlebot/2.1; +http://www.google.com/bot.html)"
66.249.73.225 - - [02/Jul/2026:06:14:44 +0700] "GET /items/A380056410 HTTP/1.1" 301 5 "-" "Mozilla/5.0 (Linux; Android 6.0.1; Nexus 5X Build/MMB29P) AppleWebKit/537.36 (KHTML, like Gecko) Chrome/149.0.7827.200 Mobile Safari/537.36 (compatible; Googlebot/2.1; +http://www.google.com/bot.html)"
66.249.65.172 - - [02/Jul/2026:06:14:45 +0700] "GET /items/A380056410/ HTTP/1.1" 200 21519 "-" "Mozilla/5.0 (Linux; Android 6.0.1; Nexus 5X Build/MMB29P) AppleWebKit/537.36 (KHTML, like Gecko) Chrome/149.0.7827.200 Mobile Safari/537.36 (compatible; Googlebot/2.1; +http://www.google.com/bot.html)"
66.249.71.172 - - [02/Jul/2026:06:14:46 +0700] "GET /?detail/174048717583 HTTP/1.1" 200 21487 "-" "Mozilla/5.0 (Linux; Android 6.0.1; Nexus 5X Build/MMB29P) AppleWebKit/537.36 (KHTML, like Gecko) Chrome/149.0.7827.200 Mobile Safari/537.36 (compatible; Googlebot/2.1; +http://www.google.com/bot.html)"
66.249.65.173 - - [02/Jul/2026:06:14:47 +0700] "GET /?detail/1610344477696 HTTP/1.1" 200 21529 "-" "Mozilla/5.0 (Linux; Android 6.0.1; Nexus 5X Build/MMB29P) AppleWebKit/537.36 (KHTML, like Gecko) Chrome/149.0.7827.200 Mobile Safari/537.36 (compatible; Googlebot/2.1; +http://www.google.com/bot.html)"
103.75.185.95 - - [02/Jul/2026:06:15:44 +0700] "POST /wp-cron.php?doing_wp_cron=1782947744.0507829189300537109375 HTTP/1.1" 200 31 "-" "WordPress/7.0; https://cuuhootoxemay-24h.com"
27.67.148.14 - - [02/Jul/2026:06:15:44 +0700] "GET /?gad_source=1&gad_campaignid=23198763052&gbraid=0AAAABB1rTclRbSFRhczy6KbwARFdocynd&gclid=EAIaIQobChMI55uF9c2ylQMVa1gPAh0iSgMAEAAYASAAEgJh_PD_BwE HTTP/1.1" 200 21502 "https://www.google.com/" "Mozilla/5.0 (iPhone; CPU iPhone OS 18_0 like Mac OS X) AppleWebKit/605.1.15 (KHTML, like Gecko) Version/18.0 Mobile/15E148 Safari/604.1"
27.67.148.14 - - [02/Jul/2026:06:15:44 +0700] "GET /wp-content/themes/flatsome/assets/css/flatsome.css?ver=3.18.0 HTTP/1.1" 200 39344 "https://cuuhootoxemay-24h.com/?gad_source=1&gad_campaignid=23198763052&gbraid=0AAAABB1rTclRbSFRhczy6KbwARFdocynd&gclid=EAIaIQobChMI55uF9c2ylQMVa1gPAh0iSgMAEAAYASAAEgJh_PD_BwE" "Mozilla/5.0 (iPhone; CPU iPhone OS 18_0 like Mac OS X) AppleWebKit/605.1.15 (KHTML, like Gecko) Version/18.0 Mobile/15E148 Safari/604.1"
27.67.148.14 - - [02/Jul/2026:06:15:44 +0700] "GET /wp-includes/js/hoverIntent.min.js?ver=1.10.2 HTTP/1.1" 200 733 "https://cuuhootoxemay-24h.com/?gad_source=1&gad_campaignid=23198763052&gbraid=0AAAABB1rTclRbSFRhczy6KbwARFdocynd&gclid=EAIaIQobChMI55uF9c2ylQMVa1gPAh0iSgMAEAAYASAAEgJh_PD_BwE" "Mozilla/5.0 (iPhone; CPU iPhone OS 18_0 like Mac OS X) AppleWebKit/605.1.15 (KHTML, like Gecko) Version/18.0 Mobile/15E148 Safari/604.1"
27.67.148.14 - - [02/Jul/2026:06:15:44 +0700] "GET /wp-content/themes/flatsome/assets/js/flatsome.js?ver=039f9485eef603e7c53a HTTP/1.1" 200 19487 "https://cuuhootoxemay-24h.com/?gad_source=1&gad_campaignid=23198763052&gbraid=0AAAABB1rTclRbSFRhczy6KbwARFdocynd&gclid=EAIaIQobChMI55uF9c2ylQMVa1gPAh0iSgMAEAAYASAAEgJh_PD_BwE" "Mozilla/5.0 (iPhone; CPU iPhone OS 18_0 like Mac OS X) AppleWebKit/605.1.15 (KHTML, like Gecko) Version/18.0 Mobile/15E148 Safari/604.1"
27.67.148.14 - - [02/Jul/2026:06:15:44 +0700] "GET /wp-includes/js/jquery/jquery-migrate.min.js?ver=3.4.1 HTTP/1.1" 200 5355 "https://cuuhootoxemay-24h.com/?gad_source=1&gad_campaignid=23198763052&gbraid=0AAAABB1rTclRbSFRhczy6KbwARFdocynd&gclid=EAIaIQobChMI55uF9c2ylQMVa1gPAh0iSgMAEAAYASAAEgJh_PD_BwE" "Mozilla/5.0 (iPhone; CPU iPhone OS 18_0 like Mac OS X) AppleWebKit/605.1.15 (KHTML, like Gecko) Version/18.0 Mobile/15E148 Safari/604.1"
27.67.148.14 - - [02/Jul/2026:06:15:44 +0700] "GET /wp-content/themes/flatsome/inc/extensions/flatsome-live-search/flatsome-live-search.js?ver=3.18.0 HTTP/1.1" 200 5725 "https://cuuhootoxemay-24h.com/?gad_source=1&gad_campaignid=23198763052&gbraid=0AAAABB1rTclRbSFRhczy6KbwARFdocynd&gclid=EAIaIQobChMI55uF9c2ylQMVa1gPAh0iSgMAEAAYASAAEgJh_PD_BwE" "Mozilla/5.0 (iPhone; CPU iPhone OS 18_0 like Mac OS X) AppleWebKit/605.1.15 (KHTML, like Gecko) Version/18.0 Mobile/15E148 Safari/604.1"
27.67.148.14 - - [02/Jul/2026:06:15:44 +0700] "GET /wp-includes/js/jquery/jquery.min.js?ver=3.7.1 HTTP/1.1" 200 35451 "https://cuuhootoxemay-24h.com/?gad_source=1&gad_campaignid=23198763052&gbraid=0AAAABB1rTclRbSFRhczy6KbwARFdocynd&gclid=EAIaIQobChMI55uF9c2ylQMVa1gPAh0iSgMAEAAYASAAEgJh_PD_BwE" "Mozilla/5.0 (iPhone; CPU iPhone OS 18_0 like Mac OS X) AppleWebKit/605.1.15 (KHTML, like Gecko) Version/18.0 Mobile/15E148 Safari/604.1"
27.67.148.14 - - [02/Jul/2026:06:15:44 +0700] "GET /wp-content/themes/flatsome-child/style.css?ver=3.0 HTTP/1.1" 200 317 "https://cuuhootoxemay-24h.com/?gad_source=1&gad_campaignid=23198763052&gbraid=0AAAABB1rTclRbSFRhczy6KbwARFdocynd&gclid=EAIaIQobChMI55uF9c2ylQMVa1gPAh0iSgMAEAAYASAAEgJh_PD_BwE" "Mozilla/5.0 (iPhone; CPU iPhone OS 18_0 like Mac OS X) AppleWebKit/605.1.15 (KHTML, like Gecko) Version/18.0 Mobile/15E148 Safari/604.1"
27.67.148.14 - - [02/Jul/2026:06:15:44 +0700] "GET /wp-content/themes/flatsome/assets/css/icons/fl-icons.woff2?v=3.18.0 HTTP/1.1" 200 7244 "https://cuuhootoxemay-24h.com/?gad_source=1&gad_campaignid=23198763052&gbraid=0AAAABB1rTclRbSFRhczy6KbwARFdocynd&gclid=EAIaIQobChMI55uF9c2ylQMVa1gPAh0iSgMAEAAYASAAEgJh_PD_BwE" "Mozilla/5.0 (iPhone; CPU iPhone OS 18_0 like Mac OS X) AppleWebKit/605.1.15 (KHTML, like Gecko) Version/18.0 Mobile/15E148 Safari/604.1"
27.67.148.14 - - [02/Jul/2026:06:15:44 +0700] "GET /wp-content/uploads/2026/03/Black-and-Yellow-Modern-Auto-Repair-And-Service-Expert-Outdoor-Banner-2048x768-1-1400x525.png HTTP/1.1" 200 1102295 "https://cuuhootoxemay-24h.com/?gad_source=1&gad_campaignid=23198763052&gbraid=0AAAABB1rTclRbSFRhczy6KbwARFdocynd&gclid=EAIaIQobChMI55uF9c2ylQMVa1gPAh0iSgMAEAAYASAAEgJh_PD_BwE" "Mozilla/5.0 (iPhone; CPU iPhone OS 18_0 like Mac OS X) AppleWebKit/605.1.15 (KHTML, like Gecko) Version/18.0 Mobile/15E148 Safari/604.1"
27.67.148.14 - - [02/Jul/2026:06:15:44 +0700] "GET /wp-content/uploads/2025/10/666-1.png HTTP/1.1" 200 88265 "https://cuuhootoxemay-24h.com/?gad_source=1&gad_campaignid=23198763052&gbraid=0AAAABB1rTclRbSFRhczy6KbwARFdocynd&gclid=EAIaIQobChMI55uF9c2ylQMVa1gPAh0iSgMAEAAYASAAEgJh_PD_BwE" "Mozilla/5.0 (iPhone; CPU iPhone OS 18_0 like Mac OS X) AppleWebKit/605.1.15 (KHTML, like Gecko) Version/18.0 Mobile/15E148 Safari/604.1"
27.67.148.14 - - [02/Jul/2026:06:15:44 +0700] "GET /wp-includes/js/wp-emoji-release.min.js?ver=7.0 HTTP/1.1" 200 6306 "https://cuuhootoxemay-24h.com/?gad_source=1&gad_campaignid=23198763052&gbraid=0AAAABB1rTclRbSFRhczy6KbwARFdocynd&gclid=EAIaIQobChMI55uF9c2ylQMVa1gPAh0iSgMAEAAYASAAEgJh_PD_BwE" "Mozilla/5.0 (iPhone; CPU iPhone OS 18_0 like Mac OS X) AppleWebKit/605.1.15 (KHTML, like Gecko) Version/18.0 Mobile/15E148 Safari/604.1"
27.67.148.14 - - [02/Jul/2026:06:15:44 +0700] "GET /wp-content/uploads/2025/10/customer-service-1.png.webp HTTP/1.1" 200 4098 "https://cuuhootoxemay-24h.com/?gad_source=1&gad_campaignid=23198763052&gbraid=0AAAABB1rTclRbSFRhczy6KbwARFdocynd&gclid=EAIaIQobChMI55uF9c2ylQMVa1gPAh0iSgMAEAAYASAAEgJh_PD_BwE" "Mozilla/5.0 (iPhone; CPU iPhone OS 18_0 like Mac OS X) AppleWebKit/605.1.15 (KHTML, like Gecko) Version/18.0 Mobile/15E148 Safari/604.1"
27.67.148.14 - - [02/Jul/2026:06:15:44 +0700] "GET /wp-content/uploads/2025/10/doctor.png.webp HTTP/1.1" 200 4124 "https://cuuhootoxemay-24h.com/?gad_source=1&gad_campaignid=23198763052&gbraid=0AAAABB1rTclRbSFRhczy6KbwARFdocynd&gclid=EAIaIQobChMI55uF9c2ylQMVa1gPAh0iSgMAEAAYASAAEgJh_PD_BwE" "Mozilla/5.0 (iPhone; CPU iPhone OS 18_0 like Mac OS X) AppleWebKit/605.1.15 (KHTML, like Gecko) Version/18.0 Mobile/15E148 Safari/604.1"
27.67.148.14 - - [02/Jul/2026:06:15:44 +0700] "GET /wp-content/uploads/2025/10/dv3-280x280-1.webp HTTP/1.1" 200 7346 "https://cuuhootoxemay-24h.com/?gad_source=1&gad_campaignid=23198763052&gbraid=0AAAABB1rTclRbSFRhczy6KbwARFdocynd&gclid=EAIaIQobChMI55uF9c2ylQMVa1gPAh0iSgMAEAAYASAAEgJh_PD_BwE" "Mozilla/5.0 (iPhone; CPU iPhone OS 18_0 like Mac OS X) AppleWebKit/605.1.15 (KHTML, like Gecko) Version/18.0 Mobile/15E148 Safari/604.1"
27.67.148.14 - - [02/Jul/2026:06:15:44 +0700] "GET /wp-content/uploads/2025/10/z7142834917907_799f6fc7dd3ebc097b903d5288d5316a.jpg HTTP/1.1" 200 90072 "https://cuuhootoxemay-24h.com/?gad_source=1&gad_campaignid=23198763052&gbraid=0AAAABB1rTclRbSFRhczy6KbwARFdocynd&gclid=EAIaIQobChMI55uF9c2ylQMVa1gPAh0iSgMAEAAYASAAEgJh_PD_BwE" "Mozilla/5.0 (iPhone; CPU iPhone OS 18_0 like Mac OS X) AppleWebKit/605.1.15 (KHTML, like Gecko) Version/18.0 Mobile/15E148 Safari/604.1"
27.67.148.14 - - [02/Jul/2026:06:15:45 +0700] "GET /wp-content/uploads/2025/10/cropped-666-32x32.png HTTP/1.1" 200 1794 "https://cuuhootoxemay-24h.com/?gad_source=1&gad_campaignid=23198763052&gbraid=0AAAABB1rTclRbSFRhczy6KbwARFdocynd&gclid=EAIaIQobChMI55uF9c2ylQMVa1gPAh0iSgMAEAAYASAAEgJh_PD_BwE" "Mozilla/5.0 (iPhone; CPU iPhone OS 18_0 like Mac OS X) AppleWebKit/605.1.15 (KHTML, like Gecko) Version/18.0 Mobile/15E148 Safari/604.1"
27.67.148.14 - - [02/Jul/2026:06:15:45 +0700] "GET /wp-content/uploads/2025/10/cropped-666-192x192.png HTTP/1.1" 200 21960 "https://cuuhootoxemay-24h.com/?gad_source=1&gad_campaignid=23198763052&gbraid=0AAAABB1rTclRbSFRhczy6KbwARFdocynd&gclid=EAIaIQobChMI55uF9c2ylQMVa1gPAh0iSgMAEAAYASAAEgJh_PD_BwE" "Mozilla/5.0 (iPhone; CPU iPhone OS 18_0 like Mac OS X) AppleWebKit/605.1.15 (KHTML, like Gecko) Version/18.0 Mobile/15E148 Safari/604.1"
27.67.148.14 - - [02/Jul/2026:06:15:45 +0700] "GET /wp-content/uploads/2024/01/service-1.png HTTP/1.1" 200 4322 "https://cuuhootoxemay-24h.com/?gad_source=1&gad_campaignid=23198763052&gbraid=0AAAABB1rTclRbSFRhczy6KbwARFdocynd&gclid=EAIaIQobChMI55uF9c2ylQMVa1gPAh0iSgMAEAAYASAAEgJh_PD_BwE" "Mozilla/5.0 (iPhone; CPU iPhone OS 18_0 like Mac OS X) AppleWebKit/605.1.15 (KHTML, like Gecko) Version/18.0 Mobile/15E148 Safari/604.1"
27.67.148.14 - - [02/Jul/2026:06:15:45 +0700] "GET /wp-content/uploads/2024/01/service-2.png HTTP/1.1" 200 5171 "https://cuuhootoxemay-24h.com/?gad_source=1&gad_campaignid=23198763052&gbraid=0AAAABB1rTclRbSFRhczy6KbwARFdocynd&gclid=EAIaIQobChMI55uF9c2ylQMVa1gPAh0iSgMAEAAYASAAEgJh_PD_BwE" "Mozilla/5.0 (iPhone; CPU iPhone OS 18_0 like Mac OS X) AppleWebKit/605.1.15 (KHTML, like Gecko) Version/18.0 Mobile/15E148 Safari/604.1"
27.67.148.14 - - [02/Jul/2026:06:15:45 +0700] "GET /wp-content/uploads/2024/01/service-3.png HTTP/1.1" 200 6030 "https://cuuhootoxemay-24h.com/?gad_source=1&gad_campaignid=23198763052&gbraid=0AAAABB1rTclRbSFRhczy6KbwARFdocynd&gclid=EAIaIQobChMI55uF9c2ylQMVa1gPAh0iSgMAEAAYASAAEgJh_PD_BwE" "Mozilla/5.0 (iPhone; CPU iPhone OS 18_0 like Mac OS X) AppleWebKit/605.1.15 (KHTML, like Gecko) Version/18.0 Mobile/15E148 Safari/604.1"
27.67.148.14 - - [02/Jul/2026:06:15:46 +0700] "GET /wp-content/uploads/2024/01/service-4.png HTTP/1.1" 200 4098 "https://cuuhootoxemay-24h.com/?gad_source=1&gad_campaignid=23198763052&gbraid=0AAAABB1rTclRbSFRhczy6KbwARFdocynd&gclid=EAIaIQobChMI55uF9c2ylQMVa1gPAh0iSgMAEAAYASAAEgJh_PD_BwE" "Mozilla/5.0 (iPhone; CPU iPhone OS 18_0 like Mac OS X) AppleWebKit/605.1.15 (KHTML, like Gecko) Version/18.0 Mobile/15E148 Safari/604.1"
27.67.148.14 - - [02/Jul/2026:06:15:46 +0700] "GET /wp-content/uploads/2024/01/service-5.png HTTP/1.1" 200 4902 "https://cuuhootoxemay-24h.com/?gad_source=1&gad_campaignid=23198763052&gbraid=0AAAABB1rTclRbSFRhczy6KbwARFdocynd&gclid=EAIaIQobChMI55uF9c2ylQMVa1gPAh0iSgMAEAAYASAAEgJh_PD_BwE" "Mozilla/5.0 (iPhone; CPU iPhone OS 18_0 like Mac OS X) AppleWebKit/605.1.15 (KHTML, like Gecko) Version/18.0 Mobile/15E148 Safari/604.1"
27.67.148.14 - - [02/Jul/2026:06:15:46 +0700] "GET /wp-content/uploads/2024/01/service-6.png HTTP/1.1" 200 3135 "https://cuuhootoxemay-24h.com/?gad_source=1&gad_campaignid=23198763052&gbraid=0AAAABB1rTclRbSFRhczy6KbwARFdocynd&gclid=EAIaIQobChMI55uF9c2ylQMVa1gPAh0iSgMAEAAYASAAEgJh_PD_BwE" "Mozilla/5.0 (iPhone; CPU iPhone OS 18_0 like Mac OS X) AppleWebKit/605.1.15 (KHTML, like Gecko) Version/18.0 Mobile/15E148 Safari/604.1"
27.67.148.14 - - [02/Jul/2026:06:15:46 +0700] "GET /wp-content/uploads/2025/10/z7142834875756_6c2b22c165a4c06429c50758fad7e445.jpg HTTP/1.1" 200 240184 "https://cuuhootoxemay-24h.com/?gad_source=1&gad_campaignid=23198763052&gbraid=0AAAABB1rTclRbSFRhczy6KbwARFdocynd&gclid=EAIaIQobChMI55uF9c2ylQMVa1gPAh0iSgMAEAAYASAAEgJh_PD_BwE" "Mozilla/5.0 (iPhone; CPU iPhone OS 18_0 like Mac OS X) AppleWebKit/605.1.15 (KHTML, like Gecko) Version/18.0 Mobile/15E148 Safari/604.1"
27.67.148.14 - - [02/Jul/2026:06:15:46 +0700] "GET /wp-content/uploads/2025/10/z7142834801472_1744223082eaae2f2993b2c0b2152e17.jpg HTTP/1.1" 200 273355 "https://cuuhootoxemay-24h.com/?gad_source=1&gad_campaignid=23198763052&gbraid=0AAAABB1rTclRbSFRhczy6KbwARFdocynd&gclid=EAIaIQobChMI55uF9c2ylQMVa1gPAh0iSgMAEAAYASAAEgJh_PD_BwE" "Mozilla/5.0 (iPhone; CPU iPhone OS 18_0 like Mac OS X) AppleWebKit/605.1.15 (KHTML, like Gecko) Version/18.0 Mobile/15E148 Safari/604.1"
66.249.71.171 - - [02/Jul/2026:06:15:47 +0700] "GET /items/A120518334 HTTP/1.1" 301 5 "-" "Mozilla/5.0 (Linux; Android 6.0.1; Nexus 5X Build/MMB29P) AppleWebKit/537.36 (KHTML, like Gecko) Chrome/149.0.7827.200 Mobile Safari/537.36 (compatible; Googlebot/2.1; +http://www.google.com/bot.html)"
66.249.65.173 - - [02/Jul/2026:06:15:48 +0700] "GET /items/A120518334/ HTTP/1.1" 200 21517 "-" "Mozilla/5.0 (Linux; Android 6.0.1; Nexus 5X Build/MMB29P) AppleWebKit/537.36 (KHTML, like Gecko) Chrome/149.0.7827.200 Mobile Safari/537.36 (compatible; Googlebot/2.1; +http://www.google.com/bot.html)"
27.67.148.14 - - [02/Jul/2026:06:15:56 +0700] "GET /wp-content/uploads/2025/10/z7142834882793_446e8a7b5a5c9bd82aaded993d731ae3.jpg HTTP/1.1" 200 432613 "https://cuuhootoxemay-24h.com/?gad_source=1&gad_campaignid=23198763052&gbraid=0AAAABB1rTclRbSFRhczy6KbwARFdocynd&gclid=EAIaIQobChMI55uF9c2ylQMVa1gPAh0iSgMAEAAYASAAEgJh_PD_BwE" "Mozilla/5.0 (iPhone; CPU iPhone OS 18_0 like Mac OS X) AppleWebKit/605.1.15 (KHTML, like Gecko) Version/18.0 Mobile/15E148 Safari/604.1"
27.67.148.14 - - [02/Jul/2026:06:15:56 +0700] "GET /wp-content/uploads/2025/10/z7142834898349_bebe4bc214ef7aea3a78078a3e5f3ac0.jpg HTTP/1.1" 200 251227 "https://cuuhootoxemay-24h.com/?gad_source=1&gad_campaignid=23198763052&gbraid=0AAAABB1rTclRbSFRhczy6KbwARFdocynd&gclid=EAIaIQobChMI55uF9c2ylQMVa1gPAh0iSgMAEAAYASAAEgJh_PD_BwE" "Mozilla/5.0 (iPhone; CPU iPhone OS 18_0 like Mac OS X) AppleWebKit/605.1.15 (KHTML, like Gecko) Version/18.0 Mobile/15E148 Safari/604.1"
27.67.148.14 - - [02/Jul/2026:06:15:59 +0700] "GET /wp-content/uploads/2025/10/z7142834931163_eb4c1ef86338ea6db013e3243e7622d0.jpg HTTP/1.1" 200 174697 "https://cuuhootoxemay-24h.com/?gad_source=1&gad_campaignid=23198763052&gbraid=0AAAABB1rTclRbSFRhczy6KbwARFdocynd&gclid=EAIaIQobChMI55uF9c2ylQMVa1gPAh0iSgMAEAAYASAAEgJh_PD_BwE" "Mozilla/5.0 (iPhone; CPU iPhone OS 18_0 like Mac OS X) AppleWebKit/605.1.15 (KHTML, like Gecko) Version/18.0 Mobile/15E148 Safari/604.1"
130.12.180.31 - - [02/Jul/2026:06:17:13 +0700] "GET / HTTP/1.1" 200 21507 "-" "Mozilla/5.0 (Macintosh, Intel Mac OS X 10_15_7) AppleWebKit/605.1.15 (KHTML, like Gecko) Version/18.3 Safari/605.1.15"
130.12.180.31 - - [02/Jul/2026:06:17:14 +0700] "GET / HTTP/1.1" 200 21466 "-" "Mozilla/5.0 (Macintosh; Intel Mac OS X 10.15; rv:77.0) Gecko/20100101 Firefox/77.0"
66.249.73.226 - - [02/Jul/2026:06:17:49 +0700] "GET /items/A365978654 HTTP/1.1" 301 5 "-" "Mozilla/5.0 (Linux; Android 6.0.1; Nexus 5X Build/MMB29P) AppleWebKit/537.36 (KHTML, like Gecko) Chrome/149.0.7827.200 Mobile Safari/537.36 (compatible; Googlebot/2.1; +http://www.google.com/bot.html)"
66.249.71.172 - - [02/Jul/2026:06:17:50 +0700] "GET /items/A365978654/ HTTP/1.1" 200 21476 "-" "Mozilla/5.0 (Linux; Android 6.0.1; Nexus 5X Build/MMB29P) AppleWebKit/537.36 (KHTML, like Gecko) Chrome/149.0.7827.200 Mobile Safari/537.36 (compatible; Googlebot/2.1; +http://www.google.com/bot.html)"
66.249.71.172 - - [02/Jul/2026:06:19:09 +0700] "GET /wp-content/themes/flatsome/assets/css/flatsome.css?ver=3.18.0 HTTP/1.1" 200 39344 "https://cuuhootoxemay-24h.com/items/A129377796/" "Mozilla/5.0 (Linux; Android 6.0.1; Nexus 5X Build/MMB29P) AppleWebKit/537.36 (KHTML, like Gecko) Chrome/149.0.7827.200 Mobile Safari/537.36 (compatible; Googlebot/2.1; +http://www.google.com/bot.html)"
66.249.65.171 - - [02/Jul/2026:06:19:10 +0700] "GET /wp-content/themes/flatsome/assets/js/chunk.popups.js?ver=3.18.0 HTTP/1.1" 200 8129 "https://cuuhootoxemay-24h.com/items/A129377796/" "Mozilla/5.0 (Linux; Android 6.0.1; Nexus 5X Build/MMB29P) AppleWebKit/537.36 (KHTML, like Gecko) Chrome/149.0.7827.200 Mobile Safari/537.36 (compatible; Googlebot/2.1; +http://www.google.com/bot.html)"
66.249.71.172 - - [02/Jul/2026:06:19:30 +0700] "GET /items/A128150028 HTTP/1.1" 301 5 "-" "Mozilla/5.0 (Linux; Android 6.0.1; Nexus 5X Build/MMB29P) AppleWebKit/537.36 (KHTML, like Gecko) Chrome/150.0.7871.46 Mobile Safari/537.36 (compatible; Googlebot/2.1; +http://www.google.com/bot.html)"
66.249.65.171 - - [02/Jul/2026:06:19:31 +0700] "GET /items/A128150028/ HTTP/1.1" 200 21461 "-" "Mozilla/5.0 (Linux; Android 6.0.1; Nexus 5X Build/MMB29P) AppleWebKit/537.36 (KHTML, like Gecko) Chrome/150.0.7871.46 Mobile Safari/537.36 (compatible; Googlebot/2.1; +http://www.google.com/bot.html)"
213.180.203.226 - - [02/Jul/2026:06:20:09 +0700] "GET /items/A121628106/ HTTP/1.1" 200 21503 "-" "Mozilla/5.0 (compatible; YandexBot/3.0; +http://yandex.com/bots)"
95.108.213.177 - - [02/Jul/2026:06:20:47 +0700] "GET /items/A119870676/ HTTP/1.1" 200 21459 "-" "Mozilla/5.0 (compatible; YandexBot/3.0; +http://yandex.com/bots)"
66.249.73.226 - - [02/Jul/2026:06:20:51 +0700] "GET /items/A381430776 HTTP/1.1" 301 5 "-" "Mozilla/5.0 (Linux; Android 6.0.1; Nexus 5X Build/MMB29P) AppleWebKit/537.36 (KHTML, like Gecko) Chrome/149.0.7827.200 Mobile Safari/537.36 (compatible; Googlebot/2.1; +http://www.google.com/bot.html)"
66.249.71.172 - - [02/Jul/2026:06:20:52 +0700] "GET /items/A381430776/ HTTP/1.1" 200 21443 "-" "Mozilla/5.0 (Linux; Android 6.0.1; Nexus 5X Build/MMB29P) AppleWebKit/537.36 (KHTML, like Gecko) Chrome/149.0.7827.200 Mobile Safari/537.36 (compatible; Googlebot/2.1; +http://www.google.com/bot.html)"
66.249.65.173 - - [02/Jul/2026:06:22:53 +0700] "GET /items/A127254738 HTTP/1.1" 301 5 "-" "Mozilla/5.0 (Linux; Android 6.0.1; Nexus 5X Build/MMB29P) AppleWebKit/537.36 (KHTML, like Gecko) Chrome/149.0.7827.200 Mobile Safari/537.36 (compatible; Googlebot/2.1; +http://www.google.com/bot.html)"
66.249.65.172 - - [02/Jul/2026:06:22:54 +0700] "GET /items/A127254738/ HTTP/1.1" 200 21484 "-" "Mozilla/5.0 (Linux; Android 6.0.1; Nexus 5X Build/MMB29P) AppleWebKit/537.36 (KHTML, like Gecko) Chrome/149.0.7827.200 Mobile Safari/537.36 (compatible; Googlebot/2.1; +http://www.google.com/bot.html)"
66.249.71.197 - - [02/Jul/2026:06:23:55 +0700] "GET /items/A404842080 HTTP/1.1" 301 5 "-" "Mozilla/5.0 (Linux; Android 6.0.1; Nexus 5X Build/MMB29P) AppleWebKit/537.36 (KHTML, like Gecko) Chrome/149.0.7827.200 Mobile Safari/537.36 (compatible; Googlebot/2.1; +http://www.google.com/bot.html)"
66.249.65.171 - - [02/Jul/2026:06:23:56 +0700] "GET /items/A404842080/ HTTP/1.1" 200 21492 "-" "Mozilla/5.0 (Linux; Android 6.0.1; Nexus 5X Build/MMB29P) AppleWebKit/537.36 (KHTML, like Gecko) Chrome/149.0.7827.200 Mobile Safari/537.36 (compatible; Googlebot/2.1; +http://www.google.com/bot.html)"
216.73.216.52 - - [02/Jul/2026:06:24:30 +0700] "GET /robots.txt HTTP/1.1" 200 415 "-" "Mozilla/5.0 AppleWebKit/537.36 (KHTML, like Gecko; compatible; ClaudeBot/1.0; +claudebot@anthropic.com)"
216.73.216.52 - - [02/Jul/2026:06:24:33 +0700] "GET /buy.php HTTP/1.1" 200 34909 "-" "Mozilla/5.0 AppleWebKit/537.36 (KHTML, like Gecko; compatible; ClaudeBot/1.0; +claudebot@anthropic.com)"
66.249.65.173 - - [02/Jul/2026:06:24:58 +0700] "GET /items/A121230774 HTTP/1.1" 301 5 "-" "Mozilla/5.0 (Linux; Android 6.0.1; Nexus 5X Build/MMB29P) AppleWebKit/537.36 (KHTML, like Gecko) Chrome/149.0.7827.200 Mobile Safari/537.36 (compatible; Googlebot/2.1; +http://www.google.com/bot.html)"
66.249.65.173 - - [02/Jul/2026:06:24:58 +0700] "GET /?goods/032001089 HTTP/1.1" 200 21493 "-" "Mozilla/5.0 (Linux; Android 6.0.1; Nexus 5X Build/MMB29P) AppleWebKit/537.36 (KHTML, like Gecko) Chrome/149.0.7827.200 Mobile Safari/537.36 (compatible; Googlebot/2.1; +http://www.google.com/bot.html)"
66.249.65.173 - - [02/Jul/2026:06:24:58 +0700] "GET /items/A121230774/ HTTP/1.1" 200 21439 "-" "Mozilla/5.0 (Linux; Android 6.0.1; Nexus 5X Build/MMB29P) AppleWebKit/537.36 (KHTML, like Gecko) Chrome/149.0.7827.200 Mobile Safari/537.36 (compatible; Googlebot/2.1; +http://www.google.com/bot.html)"
103.75.185.95 - - [02/Jul/2026:06:26:27 +0700] "GET / HTTP/1.1" 200 21470 "-" "Mozilla/5.0 (X11; Linux x86_64) AppleWebKit/537.36 (KHTML, like Gecko) Chrome/44.0.2403.157 Safari/537.36"
66.249.73.225 - - [02/Jul/2026:06:26:59 +0700] "GET /items/A396636568 HTTP/1.1" 301 5 "-" "Mozilla/5.0 (Linux; Android 6.0.1; Nexus 5X Build/MMB29P) AppleWebKit/537.36 (KHTML, like Gecko) Chrome/149.0.7827.200 Mobile Safari/537.36 (compatible; Googlebot/2.1; +http://www.google.com/bot.html)"
66.249.71.197 - - [02/Jul/2026:06:27:00 +0700] "GET /?goods/094031662 HTTP/1.1" 301 5 "-" "Mozilla/5.0 (Linux; Android 6.0.1; Nexus 5X Build/MMB29P) AppleWebKit/537.36 (KHTML, like Gecko) Chrome/149.0.7827.200 Mobile Safari/537.36 (compatible; Googlebot/2.1; +http://www.google.com/bot.html)"
66.249.65.172 - - [02/Jul/2026:06:27:01 +0700] "GET /items/A396636568/ HTTP/1.1" 200 21498 "-" "Mozilla/5.0 (Linux; Android 6.0.1; Nexus 5X Build/MMB29P) AppleWebKit/537.36 (KHTML, like Gecko) Chrome/149.0.7827.200 Mobile Safari/537.36 (compatible; Googlebot/2.1; +http://www.google.com/bot.html)"
66.249.65.171 - - [02/Jul/2026:06:27:01 +0700] "GET /?goods/094031662 HTTP/1.1" 200 21511 "-" "Mozilla/5.0 (Linux; Android 6.0.1; Nexus 5X Build/MMB29P) AppleWebKit/537.36 (KHTML, like Gecko) Chrome/149.0.7827.200 Mobile Safari/537.36 (compatible; Googlebot/2.1; +http://www.google.com/bot.html)"
103.75.185.95 - - [02/Jul/2026:06:28:31 +0700] "POST /wp-cron.php?doing_wp_cron=1782948510.8870639801025390625000 HTTP/1.1" 200 31 "-" "WordPress/7.0; https://cuuhootoxemay-24h.com"
66.249.71.171 - - [02/Jul/2026:06:28:31 +0700] "GET /items/A132210900 HTTP/1.1" 301 5 "-" "Mozilla/5.0 (Linux; Android 6.0.1; Nexus 5X Build/MMB29P) AppleWebKit/537.36 (KHTML, like Gecko) Chrome/150.0.7871.46 Mobile Safari/537.36 (compatible; Googlebot/2.1; +http://www.google.com/bot.html)"
66.249.65.171 - - [02/Jul/2026:06:28:32 +0700] "GET /items/A132210900/ HTTP/1.1" 200 21559 "-" "Mozilla/5.0 (Linux; Android 6.0.1; Nexus 5X Build/MMB29P) AppleWebKit/537.36 (KHTML, like Gecko) Chrome/150.0.7871.46 Mobile Safari/537.36 (compatible; Googlebot/2.1; +http://www.google.com/bot.html)"
66.249.65.172 - - [02/Jul/2026:06:30:45 +0700] "GET /wp-content/themes/flatsome/assets/js/chunk.slider.js?ver=3.18.0 HTTP/1.1" 200 16393 "https://cuuhootoxemay-24h.com/items/A396636568/" "Mozilla/5.0 (Linux; Android 6.0.1; Nexus 5X Build/MMB29P) AppleWebKit/537.36 (KHTML, like Gecko) Chrome/149.0.7827.200 Mobile Safari/537.36 (compatible; Googlebot/2.1; +http://www.google.com/bot.html)"
66.249.71.173 - - [02/Jul/2026:06:30:46 +0700] "GET /wp-content/themes/flatsome/assets/js/chunk.tooltips.js?ver=3.18.0 HTTP/1.1" 200 12169 "https://cuuhootoxemay-24h.com/items/A396636568/" "Mozilla/5.0 (Linux; Android 6.0.1; Nexus 5X Build/MMB29P) AppleWebKit/537.36 (KHTML, like Gecko) Chrome/149.0.7827.200 Mobile Safari/537.36 (compatible; Googlebot/2.1; +http://www.google.com/bot.html)"
66.249.65.171 - - [02/Jul/2026:06:30:48 +0700] "GET /wp-content/themes/flatsome/assets/css/flatsome.css?ver=3.18.0 HTTP/1.1" 200 39344 "https://cuuhootoxemay-24h.com/items/A121230774/" "Mozilla/5.0 (Linux; Android 6.0.1; Nexus 5X Build/MMB29P) AppleWebKit/537.36 (KHTML, like Gecko) Chrome/149.0.7827.200 Mobile Safari/537.36 (compatible; Googlebot/2.1; +http://www.google.com/bot.html)"
66.249.71.173 - - [02/Jul/2026:06:31:02 +0700] "GET /items/A124272288 HTTP/1.1" 301 5 "-" "Mozilla/5.0 (Linux; Android 6.0.1; Nexus 5X Build/MMB29P) AppleWebKit/537.36 (KHTML, like Gecko) Chrome/149.0.7827.200 Mobile Safari/537.36 (compatible; Googlebot/2.1; +http://www.google.com/bot.html)"
66.249.71.173 - - [02/Jul/2026:06:31:03 +0700] "GET /items/A124272288/ HTTP/1.1" 200 21477 "-" "Mozilla/5.0 (Linux; Android 6.0.1; Nexus 5X Build/MMB29P) AppleWebKit/537.36 (KHTML, like Gecko) Chrome/149.0.7827.200 Mobile Safari/537.36 (compatible; Googlebot/2.1; +http://www.google.com/bot.html)"
66.249.65.171 - - [02/Jul/2026:06:31:03 +0700] "GET /?jp/063000497.html HTTP/1.1" 200 21534 "-" "Mozilla/5.0 (Linux; Android 6.0.1; Nexus 5X Build/MMB29P) AppleWebKit/537.36 (KHTML, like Gecko) Chrome/149.0.7827.200 Mobile Safari/537.36 (compatible; Googlebot/2.1; +http://www.google.com/bot.html)"
87.250.224.228 - - [02/Jul/2026:06:31:59 +0700] "GET /items/A126907170 HTTP/1.1" 301 5 "-" "Mozilla/5.0 (compatible; YandexBot/3.0; +http://yandex.com/bots)"
95.108.213.83 - - [02/Jul/2026:06:32:01 +0700] "GET /items/A126907170/ HTTP/1.1" 200 21504 "-" "Mozilla/5.0 (compatible; YandexBot/3.0; +http://yandex.com/bots)"
5.255.231.248 - - [02/Jul/2026:06:32:33 +0700] "GET /items/A125616180 HTTP/1.1" 301 5 "-" "Mozilla/5.0 (compatible; YandexBot/3.0; +http://yandex.com/bots)"
87.250.224.217 - - [02/Jul/2026:06:32:35 +0700] "GET /items/A125616180/ HTTP/1.1" 200 21452 "-" "Mozilla/5.0 (compatible; YandexBot/3.0; +http://yandex.com/bots)"
150.109.46.88 - - [02/Jul/2026:06:32:46 +0700] "GET / HTTP/1.1" 200 21512 "-" "Mozilla/5.0 (iPhone; CPU iPhone OS 13_2_3 like Mac OS X) AppleWebKit/605.1.15 (KHTML, like Gecko) Version/13.0.3 Mobile/15E148 Safari/604.1"
66.249.65.172 - - [02/Jul/2026:06:35:05 +0700] "GET /items/A125764278 HTTP/1.1" 301 5 "-" "Mozilla/5.0 (Linux; Android 6.0.1; Nexus 5X Build/MMB29P) AppleWebKit/537.36 (KHTML, like Gecko) Chrome/149.0.7827.200 Mobile Safari/537.36 (compatible; Googlebot/2.1; +http://www.google.com/bot.html)"
66.249.71.196 - - [02/Jul/2026:06:35:05 +0700] "GET /items/A407063642 HTTP/1.1" 301 5 "-" "Mozilla/5.0 (Linux; Android 6.0.1; Nexus 5X Build/MMB29P) AppleWebKit/537.36 (KHTML, like Gecko) Chrome/149.0.7827.200 Mobile Safari/537.36 (compatible; Googlebot/2.1; +http://www.google.com/bot.html)"
66.249.71.171 - - [02/Jul/2026:06:35:05 +0700] "GET /items/A125764278/ HTTP/1.1" 200 21574 "-" "Mozilla/5.0 (Linux; Android 6.0.1; Nexus 5X Build/MMB29P) AppleWebKit/537.36 (KHTML, like Gecko) Chrome/149.0.7827.200 Mobile Safari/537.36 (compatible; Googlebot/2.1; +http://www.google.com/bot.html)"
66.249.65.171 - - [02/Jul/2026:06:35:06 +0700] "GET /items/A407063642/ HTTP/1.1" 200 21502 "-" "Mozilla/5.0 (Linux; Android 6.0.1; Nexus 5X Build/MMB29P) AppleWebKit/537.36 (KHTML, like Gecko) Chrome/149.0.7827.200 Mobile Safari/537.36 (compatible; Googlebot/2.1; +http://www.google.com/bot.html)"
213.180.203.236 - - [02/Jul/2026:06:35:31 +0700] "GET /robots.txt HTTP/1.1" 200 415 "-" "Mozilla/5.0 (compatible; YandexBot/3.0; +http://yandex.com/bots)"
49.51.183.84 - - [02/Jul/2026:06:36:36 +0700] "GET /xmlrpc.php HTTP/1.1" 444 0 "-" "Mozilla/5.0 (iPhone; CPU iPhone OS 13_2_3 like Mac OS X) AppleWebKit/605.1.15 (KHTML, like Gecko) Version/13.0.3 Mobile/15E148 Safari/604.1"
95.108.213.114 - - [02/Jul/2026:06:38:23 +0700] "GET /items/A121817646 HTTP/1.1" 301 5 "-" "Mozilla/5.0 (compatible; YandexBot/3.0; +http://yandex.com/bots)"
213.180.203.63 - - [02/Jul/2026:06:38:24 +0700] "GET /items/A121817646/ HTTP/1.1" 200 21430 "-" "Mozilla/5.0 (compatible; YandexBot/3.0; +http://yandex.com/bots)"
213.180.203.31 - - [02/Jul/2026:06:39:48 +0700] "GET /items/A132014268 HTTP/1.1" 301 5 "-" "Mozilla/5.0 (compatible; YandexBot/3.0; +http://yandex.com/bots)"
87.250.224.28 - - [02/Jul/2026:06:39:49 +0700] "GET /items/A132014268/ HTTP/1.1" 200 21476 "-" "Mozilla/5.0 (compatible; YandexBot/3.0; +http://yandex.com/bots)"
66.249.73.225 - - [02/Jul/2026:06:40:07 +0700] "GET /items/A401477642 HTTP/1.1" 301 5 "-" "Mozilla/5.0 (Linux; Android 6.0.1; Nexus 5X Build/MMB29P) AppleWebKit/537.36 (KHTML, like Gecko) Chrome/149.0.7827.200 Mobile Safari/537.36 (compatible; Googlebot/2.1; +http://www.google.com/bot.html)"
66.249.65.172 - - [02/Jul/2026:06:40:08 +0700] "GET /items/A401477642/ HTTP/1.1" 200 21484 "-" "Mozilla/5.0 (Linux; Android 6.0.1; Nexus 5X Build/MMB29P) AppleWebKit/537.36 (KHTML, like Gecko) Chrome/149.0.7827.200 Mobile Safari/537.36 (compatible; Googlebot/2.1; +http://www.google.com/bot.html)"
103.75.185.95 - - [02/Jul/2026:06:40:21 +0700] "POST /wp-cron.php?doing_wp_cron=1782949221.7199940681457519531250 HTTP/1.1" 200 31 "-" "WordPress/7.0; https://cuuhootoxemay-24h.com"
85.204.70.96 - - [02/Jul/2026:06:40:22 +0700] "GET / HTTP/1.1" 200 105546 "-" "Mozilla/5.0 (Windows NT 10.0; Win64; x64) AppleWebKit/537.36 (KHTML, like Gecko) Chrome/78.0.3904.108 Safari/537.36"
85.204.70.96 - - [02/Jul/2026:06:40:22 +0700] "GET / HTTP/1.1" 200 105549 "-" "Mozilla/5.0 (Windows NT 10.0; Win64; x64) AppleWebKit/537.36 (KHTML, like Gecko) Chrome/78.0.3904.108 Safari/537.36"
85.204.70.96 - - [02/Jul/2026:06:40:23 +0700] "GET /wp-includes/wlwmanifest.xml HTTP/1.1" 301 5 "-" "Mozilla/5.0 (Windows NT 10.0; Win64; x64) AppleWebKit/537.36 (KHTML, like Gecko) Chrome/78.0.3904.108 Safari/537.36"
103.75.185.95 - - [02/Jul/2026:06:40:23 +0700] "GET / HTTP/1.1" 200 21514 "-" "Mozilla/5.0 (X11; Linux x86_64) AppleWebKit/537.36 (KHTML, like Gecko) Chrome/44.0.2403.157 Safari/537.36"
85.204.70.96 - - [02/Jul/2026:06:40:23 +0700] "GET /xmlrpc.php?rsd HTTP/1.1" 444 0 "-" "Mozilla/5.0 (Windows NT 10.0; Win64; x64) AppleWebKit/537.36 (KHTML, like Gecko) Chrome/78.0.3904.108 Safari/537.36"
85.204.70.96 - - [02/Jul/2026:06:40:24 +0700] "GET / HTTP/1.1" 200 105531 "-" "Mozilla/5.0 (Windows NT 10.0; Win64; x64) AppleWebKit/537.36 (KHTML, like Gecko) Chrome/78.0.3904.108 Safari/537.36"
85.204.70.96 - - [02/Jul/2026:06:40:25 +0700] "GET /?author=1 HTTP/1.1" 200 69291 "-" "Mozilla/5.0 (Windows NT 10.0; Win64; x64) AppleWebKit/537.36 (KHTML, like Gecko) Chrome/78.0.3904.108 Safari/537.36"
85.204.70.96 - - [02/Jul/2026:06:40:25 +0700] "GET /?author=2 HTTP/1.1" 404 37825 "-" "Mozilla/5.0 (Windows NT 10.0; Win64; x64) AppleWebKit/537.36 (KHTML, like Gecko) Chrome/78.0.3904.108 Safari/537.36"
85.204.70.96 - - [02/Jul/2026:06:40:26 +0700] "GET /wp-json/wp/v2/users/ HTTP/1.1" 444 0 "-" "Mozilla/5.0 (Windows NT 10.0; Win64; x64) AppleWebKit/537.36 (KHTML, like Gecko) Chrome/78.0.3904.108 Safari/537.36"
85.204.70.96 - - [02/Jul/2026:06:40:26 +0700] "GET /wp-json/oembed/1.0/embed?url=http://cuuhootoxemay-24h.com HTTP/1.1" 301 5 "-" "Mozilla/5.0 (Windows NT 10.0; Win64; x64) AppleWebKit/537.36 (KHTML, like Gecko) Chrome/78.0.3904.108 Safari/537.36"
85.204.70.96 - - [02/Jul/2026:06:40:27 +0700] "POST /xmlrpc.php HTTP/1.1" 444 0 "-" "Mozilla/5.0 (Windows NT 10.0; Win64; x64) AppleWebKit/537.36 (KHTML, like Gecko) Chrome/78.0.3904.108 Safari/537.36"
66.249.73.226 - - [02/Jul/2026:06:40:47 +0700] "GET /items/A396007604 HTTP/1.1" 301 5 "-" "Mozilla/5.0 (compatible; Googlebot/2.1; +http://www.google.com/bot.html)"
66.249.65.171 - - [02/Jul/2026:06:40:48 +0700] "GET /items/A396007604/ HTTP/1.1" 200 21489 "-" "Mozilla/5.0 (compatible; Googlebot/2.1; +http://www.google.com/bot.html)"
95.108.213.118 - - [02/Jul/2026:06:45:01 +0700] "GET /items/A122209296 HTTP/1.1" 301 5 "-" "Mozilla/5.0 (compatible; YandexBot/3.0; +http://yandex.com/bots)"
213.180.203.100 - - [02/Jul/2026:06:45:04 +0700] "GET /items/A122209296/ HTTP/1.1" 200 21496 "-" "Mozilla/5.0 (compatible; YandexBot/3.0; +http://yandex.com/bots)"
66.249.73.225 - - [02/Jul/2026:06:45:09 +0700] "GET /072009903.htm HTTP/1.1" 301 5 "-" "Mozilla/5.0 (Linux; Android 6.0.1; Nexus 5X Build/MMB29P) AppleWebKit/537.36 (KHTML, like Gecko) Chrome/149.0.7827.200 Mobile Safari/537.36 (compatible; Googlebot/2.1; +http://www.google.com/bot.html)"
66.249.73.227 - - [02/Jul/2026:06:45:10 +0700] "GET /items/A367934720 HTTP/1.1" 301 5 "-" "Mozilla/5.0 (Linux; Android 6.0.1; Nexus 5X Build/MMB29P) AppleWebKit/537.36 (KHTML, like Gecko) Chrome/149.0.7827.200 Mobile Safari/537.36 (compatible; Googlebot/2.1; +http://www.google.com/bot.html)"
66.249.65.173 - - [02/Jul/2026:06:45:10 +0700] "GET /072009903.htm/ HTTP/1.1" 200 21538 "-" "Mozilla/5.0 (Linux; Android 6.0.1; Nexus 5X Build/MMB29P) AppleWebKit/537.36 (KHTML, like Gecko) Chrome/149.0.7827.200 Mobile Safari/537.36 (compatible; Googlebot/2.1; +http://www.google.com/bot.html)"
66.249.65.171 - - [02/Jul/2026:06:45:11 +0700] "GET /items/A367934720/ HTTP/1.1" 200 21461 "-" "Mozilla/5.0 (Linux; Android 6.0.1; Nexus 5X Build/MMB29P) AppleWebKit/537.36 (KHTML, like Gecko) Chrome/149.0.7827.200 Mobile Safari/537.36 (compatible; Googlebot/2.1; +http://www.google.com/bot.html)"
66.249.65.171 - - [02/Jul/2026:06:45:29 +0700] "GET /items/A116782008 HTTP/1.1" 301 5 "-" "Mozilla/5.0 (Linux; Android 6.0.1; Nexus 5X Build/MMB29P) AppleWebKit/537.36 (KHTML, like Gecko) Chrome/150.0.7871.46 Mobile Safari/537.36 (compatible; Googlebot/2.1; +http://www.google.com/bot.html)"
66.249.65.172 - - [02/Jul/2026:06:45:30 +0700] "GET /items/A116782008/ HTTP/1.1" 200 21522 "-" "Mozilla/5.0 (Linux; Android 6.0.1; Nexus 5X Build/MMB29P) AppleWebKit/537.36 (KHTML, like Gecko) Chrome/150.0.7871.46 Mobile Safari/537.36 (compatible; Googlebot/2.1; +http://www.google.com/bot.html)"
87.250.224.2 - - [02/Jul/2026:06:45:47 +0700] "GET /items/A122209296/ HTTP/1.1" 200 21473 "-" "Mozilla/5.0 (compatible; YandexBot/3.0; +http://yandex.com/bots)"
43.155.129.131 - - [02/Jul/2026:06:46:04 +0700] "GET /xmlrpc.php?rsd HTTP/1.1" 444 0 "-" "Mozilla/5.0 (iPhone; CPU iPhone OS 13_2_3 like Mac OS X) AppleWebKit/605.1.15 (KHTML, like Gecko) Version/13.0.3 Mobile/15E148 Safari/604.1"
87.250.224.129 - - [02/Jul/2026:06:46:41 +0700] "GET /items/A131982150 HTTP/1.1" 301 5 "-" "Mozilla/5.0 (compatible; YandexBot/3.0; +http://yandex.com/bots)"
87.250.224.214 - - [02/Jul/2026:06:46:42 +0700] "GET /items/A131982150/ HTTP/1.1" 200 21409 "-" "Mozilla/5.0 (compatible; YandexBot/3.0; +http://yandex.com/bots)"
66.249.65.171 - - [02/Jul/2026:06:47:12 +0700] "GET /items/A129941940 HTTP/1.1" 301 5 "-" "Mozilla/5.0 (Linux; Android 6.0.1; Nexus 5X Build/MMB29P) AppleWebKit/537.36 (KHTML, like Gecko) Chrome/149.0.7827.200 Mobile Safari/537.36 (compatible; Googlebot/2.1; +http://www.google.com/bot.html)"
66.249.71.171 - - [02/Jul/2026:06:47:13 +0700] "GET /items/A122628732 HTTP/1.1" 301 5 "-" "Mozilla/5.0 (Linux; Android 6.0.1; Nexus 5X Build/MMB29P) AppleWebKit/537.36 (KHTML, like Gecko) Chrome/149.0.7827.200 Mobile Safari/537.36 (compatible; Googlebot/2.1; +http://www.google.com/bot.html)"
66.249.71.173 - - [02/Jul/2026:06:47:13 +0700] "GET /items/A129941940/ HTTP/1.1" 200 21527 "-" "Mozilla/5.0 (Linux; Android 6.0.1; Nexus 5X Build/MMB29P) AppleWebKit/537.36 (KHTML, like Gecko) Chrome/149.0.7827.200 Mobile Safari/537.36 (compatible; Googlebot/2.1; +http://www.google.com/bot.html)"
66.249.65.173 - - [02/Jul/2026:06:47:14 +0700] "GET /items/A122628732/ HTTP/1.1" 200 21451 "-" "Mozilla/5.0 (Linux; Android 6.0.1; Nexus 5X Build/MMB29P) AppleWebKit/537.36 (KHTML, like Gecko) Chrome/149.0.7827.200 Mobile Safari/537.36 (compatible; Googlebot/2.1; +http://www.google.com/bot.html)"
66.249.65.173 - - [02/Jul/2026:06:47:14 +0700] "GET /items/A127367034 HTTP/1.1" 301 5 "-" "Mozilla/5.0 (Linux; Android 6.0.1; Nexus 5X Build/MMB29P) AppleWebKit/537.36 (KHTML, like Gecko) Chrome/149.0.7827.200 Mobile Safari/537.36 (compatible; Googlebot/2.1; +http://www.google.com/bot.html)"
66.249.65.173 - - [02/Jul/2026:06:47:15 +0700] "GET /items/A127367034/ HTTP/1.1" 200 21523 "-" "Mozilla/5.0 (Linux; Android 6.0.1; Nexus 5X Build/MMB29P) AppleWebKit/537.36 (KHTML, like Gecko) Chrome/149.0.7827.200 Mobile Safari/537.36 (compatible; Googlebot/2.1; +http://www.google.com/bot.html)"
66.249.65.172 - - [02/Jul/2026:06:47:18 +0700] "GET /wp-includes/js/jquery/jquery.min.js?ver=3.7.1 HTTP/1.1" 200 35451 "https://cuuhootoxemay-24h.com/items/A122628732/" "Mozilla/5.0 (Linux; Android 6.0.1; Nexus 5X Build/MMB29P) AppleWebKit/537.36 (KHTML, like Gecko) Chrome/149.0.7827.200 Mobile Safari/537.36 (compatible; Googlebot/2.1; +http://www.google.com/bot.html)"
66.249.73.226 - - [02/Jul/2026:06:50:17 +0700] "GET /items/A374578070 HTTP/1.1" 301 5 "-" "Mozilla/5.0 (Linux; Android 6.0.1; Nexus 5X Build/MMB29P) AppleWebKit/537.36 (KHTML, like Gecko) Chrome/149.0.7827.200 Mobile Safari/537.36 (compatible; Googlebot/2.1; +http://www.google.com/bot.html)"
66.249.65.173 - - [02/Jul/2026:06:50:18 +0700] "GET /items/A374578070/ HTTP/1.1" 200 21549 "-" "Mozilla/5.0 (Linux; Android 6.0.1; Nexus 5X Build/MMB29P) AppleWebKit/537.36 (KHTML, like Gecko) Chrome/149.0.7827.200 Mobile Safari/537.36 (compatible; Googlebot/2.1; +http://www.google.com/bot.html)"
103.75.185.95 - - [02/Jul/2026:06:54:46 +0700] "POST /wp-cron.php?doing_wp_cron=1782950085.7155001163482666015625 HTTP/1.1" 200 31 "-" "WordPress/7.0; https://cuuhootoxemay-24h.com"
103.75.185.95 - - [02/Jul/2026:06:54:46 +0700] "GET / HTTP/1.1" 200 21494 "-" "Mozilla/5.0 (X11; Linux x86_64) AppleWebKit/537.36 (KHTML, like Gecko) Chrome/44.0.2403.157 Safari/537.36"
204.12.208.18 - - [02/Jul/2026:06:54:46 +0700] "GET /wp-content/ada5fc1d/index.php HTTP/1.1" 404 47 "https://cuuhootoxemay-24h.com/wp-content/ada5fc1d/index.php" "Mozilla/5.0 (Windows NT 6.1; WOW64) AppleWebKit/535.7 (KHTML, like Gecko) Chrome/16.0.912.75 Safari/535.7"
66.249.73.225 - - [02/Jul/2026:06:54:59 +0700] "GET /items/A389595688 HTTP/1.1" 301 5 "-" "Mozilla/5.0 (Linux; Android 6.0.1; Nexus 5X Build/MMB29P) AppleWebKit/537.36 (KHTML, like Gecko) Chrome/149.0.7827.200 Mobile Safari/537.36 (compatible; Googlebot/2.1; +http://www.google.com/bot.html)"
66.249.65.173 - - [02/Jul/2026:06:55:00 +0700] "GET /items/A389595688/ HTTP/1.1" 200 21490 "-" "Mozilla/5.0 (Linux; Android 6.0.1; Nexus 5X Build/MMB29P) AppleWebKit/537.36 (KHTML, like Gecko) Chrome/149.0.7827.200 Mobile Safari/537.36 (compatible; Googlebot/2.1; +http://www.google.com/bot.html)"
66.249.65.172 - - [02/Jul/2026:06:58:30 +0700] "GET /items/A131591490 HTTP/1.1" 301 5 "-" "Mozilla/5.0 (Linux; Android 6.0.1; Nexus 5X Build/MMB29P) AppleWebKit/537.36 (KHTML, like Gecko) Chrome/150.0.7871.46 Mobile Safari/537.36 (compatible; Googlebot/2.1; +http://www.google.com/bot.html)"
66.249.65.173 - - [02/Jul/2026:06:58:31 +0700] "GET /items/A131591490/ HTTP/1.1" 200 21496 "-" "Mozilla/5.0 (Linux; Android 6.0.1; Nexus 5X Build/MMB29P) AppleWebKit/537.36 (KHTML, like Gecko) Chrome/150.0.7871.46 Mobile Safari/537.36 (compatible; Googlebot/2.1; +http://www.google.com/bot.html)"
103.75.185.95 - - [02/Jul/2026:07:00:02 +0700] "POST /wp-cron.php?doing_wp_cron=1782950402.6995010375976562500000 HTTP/1.1" 200 31 "-" "WordPress/7.0; https://cuuhootoxemay-24h.com"
66.249.65.171 - - [02/Jul/2026:07:00:02 +0700] "GET /items/A130940784 HTTP/1.1" 301 5 "-" "Mozilla/5.0 (Linux; Android 6.0.1; Nexus 5X Build/MMB29P) AppleWebKit/537.36 (KHTML, like Gecko) Chrome/149.0.7827.200 Mobile Safari/537.36 (compatible; Googlebot/2.1; +http://www.google.com/bot.html)"
66.249.71.172 - - [02/Jul/2026:07:00:03 +0700] "GET /items/A130940784/ HTTP/1.1" 200 21482 "-" "Mozilla/5.0 (Linux; Android 6.0.1; Nexus 5X Build/MMB29P) AppleWebKit/537.36 (KHTML, like Gecko) Chrome/149.0.7827.200 Mobile Safari/537.36 (compatible; Googlebot/2.1; +http://www.google.com/bot.html)"
216.73.216.52 - - [02/Jul/2026:07:00:40 +0700] "GET / HTTP/1.1" 200 21595 "-" "Mozilla/5.0 AppleWebKit/537.36 (KHTML, like Gecko; compatible; ClaudeBot/1.0; +claudebot@anthropic.com)"
216.73.216.52 - - [02/Jul/2026:07:01:08 +0700] "GET /buy.php HTTP/1.1" 200 35647 "-" "Mozilla/5.0 AppleWebKit/537.36 (KHTML, like Gecko; compatible; ClaudeBot/1.0; +claudebot@anthropic.com)"
66.249.65.172 - - [02/Jul/2026:07:04:04 +0700] "GET /items/A129236994 HTTP/1.1" 301 5 "-" "Mozilla/5.0 (Linux; Android 6.0.1; Nexus 5X Build/MMB29P) AppleWebKit/537.36 (KHTML, like Gecko) Chrome/149.0.7827.200 Mobile Safari/537.36 (compatible; Googlebot/2.1; +http://www.google.com/bot.html)"
66.249.71.171 - - [02/Jul/2026:07:04:05 +0700] "GET /items/A129236994/ HTTP/1.1" 200 21438 "-" "Mozilla/5.0 (Linux; Android 6.0.1; Nexus 5X Build/MMB29P) AppleWebKit/537.36 (KHTML, like Gecko) Chrome/149.0.7827.200 Mobile Safari/537.36 (compatible; Googlebot/2.1; +http://www.google.com/bot.html)"
209.42.18.223 - - [02/Jul/2026:07:04:38 +0700] "GET /wp-login.php HTTP/1.1" 403 555 "-" "Mozilla/5.0 (Windows NT 10.0; Win64; x64) AppleWebKit/537.36 (KHTML, like Gecko) Chrome/120.0.0.0 Safari/537.36"
66.249.65.172 - - [02/Jul/2026:07:06:59 +0700] "GET /items/A132554166 HTTP/1.1" 301 5 "-" "Mozilla/5.0 (Linux; Android 6.0.1; Nexus 5X Build/MMB29P) AppleWebKit/537.36 (KHTML, like Gecko) Chrome/150.0.7871.46 Mobile Safari/537.36 (compatible; Googlebot/2.1; +http://www.google.com/bot.html)"
66.249.71.173 - - [02/Jul/2026:07:06:59 +0700] "GET /items/A132554166/ HTTP/1.1" 200 21509 "-" "Mozilla/5.0 (Linux; Android 6.0.1; Nexus 5X Build/MMB29P) AppleWebKit/537.36 (KHTML, like Gecko) Chrome/150.0.7871.46 Mobile Safari/537.36 (compatible; Googlebot/2.1; +http://www.google.com/bot.html)"
