113.185.46.61 - - [03/Jul/2026:00:24:10 +0700] "GET /wp-includes/js/wp-emoji-release.min.js?ver=7.0 HTTP/1.1" 200 6306 "https://cuuhootoxemay-24h.com/?gad_source=1&gad_campaignid=23198763052&gclid=CjwKCAjwmJjSBhB-EiwAkZgxiwi6Se4aBGcNn7XEdTtHjHJ-IT_OF_jXhYcFPWu9NmjeXq1awj8ajhoCR20QAvD_BwE" "Mozilla/5.0 (Linux; Android 10; K) AppleWebKit/537.36 (KHTML, like Gecko) Chrome/149.0.0.0 Mobile Safari/537.36"
113.185.46.61 - - [03/Jul/2026:00:24:11 +0700] "GET /wp-content/uploads/2025/10/cropped-666-192x192.png HTTP/1.1" 200 21960 "https://cuuhootoxemay-24h.com/?gad_source=1&gad_campaignid=23198763052&gclid=CjwKCAjwmJjSBhB-EiwAkZgxiwi6Se4aBGcNn7XEdTtHjHJ-IT_OF_jXhYcFPWu9NmjeXq1awj8ajhoCR20QAvD_BwE" "Mozilla/5.0 (Linux; Android 10; K) AppleWebKit/537.36 (KHTML, like Gecko) Chrome/149.0.0.0 Mobile Safari/537.36"
113.185.46.61 - - [03/Jul/2026:00:24:11 +0700] "GET /wp-content/uploads/2025/10/cropped-666-180x180.png HTTP/1.1" 200 19941 "https://cuuhootoxemay-24h.com/?gad_source=1&gad_campaignid=23198763052&gclid=CjwKCAjwmJjSBhB-EiwAkZgxiwi6Se4aBGcNn7XEdTtHjHJ-IT_OF_jXhYcFPWu9NmjeXq1awj8ajhoCR20QAvD_BwE" "Mozilla/5.0 (Linux; Android 10; K) AppleWebKit/537.36 (KHTML, like Gecko) Chrome/149.0.0.0 Mobile Safari/537.36"
113.185.46.61 - - [03/Jul/2026:00:24:12 +0700] "GET /wp-content/uploads/2024/01/service-5.png HTTP/1.1" 200 4902 "https://cuuhootoxemay-24h.com/?gad_source=1&gad_campaignid=23198763052&gclid=CjwKCAjwmJjSBhB-EiwAkZgxiwi6Se4aBGcNn7XEdTtHjHJ-IT_OF_jXhYcFPWu9NmjeXq1awj8ajhoCR20QAvD_BwE" "Mozilla/5.0 (Linux; Android 10; K) AppleWebKit/537.36 (KHTML, like Gecko) Chrome/149.0.0.0 Mobile Safari/537.36"
113.185.46.61 - - [03/Jul/2026:00:24:12 +0700] "GET /wp-content/uploads/2024/01/service-6.png HTTP/1.1" 200 3135 "https://cuuhootoxemay-24h.com/?gad_source=1&gad_campaignid=23198763052&gclid=CjwKCAjwmJjSBhB-EiwAkZgxiwi6Se4aBGcNn7XEdTtHjHJ-IT_OF_jXhYcFPWu9NmjeXq1awj8ajhoCR20QAvD_BwE" "Mozilla/5.0 (Linux; Android 10; K) AppleWebKit/537.36 (KHTML, like Gecko) Chrome/149.0.0.0 Mobile Safari/537.36"
113.185.46.61 - - [03/Jul/2026:00:24:13 +0700] "GET /wp-content/uploads/2025/10/z7142834875756_6c2b22c165a4c06429c50758fad7e445-533x400.jpg HTTP/1.1" 200 48277 "https://cuuhootoxemay-24h.com/?gad_source=1&gad_campaignid=23198763052&gclid=CjwKCAjwmJjSBhB-EiwAkZgxiwi6Se4aBGcNn7XEdTtHjHJ-IT_OF_jXhYcFPWu9NmjeXq1awj8ajhoCR20QAvD_BwE" "Mozilla/5.0 (Linux; Android 10; K) AppleWebKit/537.36 (KHTML, like Gecko) Chrome/149.0.0.0 Mobile Safari/537.36"
113.185.46.61 - - [03/Jul/2026:00:24:13 +0700] "GET /wp-content/uploads/2025/10/z7142834801472_1744223082eaae2f2993b2c0b2152e17-600x800.jpg HTTP/1.1" 200 97592 "https://cuuhootoxemay-24h.com/?gad_source=1&gad_campaignid=23198763052&gclid=CjwKCAjwmJjSBhB-EiwAkZgxiwi6Se4aBGcNn7XEdTtHjHJ-IT_OF_jXhYcFPWu9NmjeXq1awj8ajhoCR20QAvD_BwE" "Mozilla/5.0 (Linux; Android 10; K) AppleWebKit/537.36 (KHTML, like Gecko) Chrome/149.0.0.0 Mobile Safari/537.36"
113.185.46.61 - - [03/Jul/2026:00:24:19 +0700] "GET /wp-content/uploads/2025/10/z7142834882793_446e8a7b5a5c9bd82aaded993d731ae3-533x400.jpg HTTP/1.1" 200 63645 "https://cuuhootoxemay-24h.com/?gad_source=1&gad_campaignid=23198763052&gclid=CjwKCAjwmJjSBhB-EiwAkZgxiwi6Se4aBGcNn7XEdTtHjHJ-IT_OF_jXhYcFPWu9NmjeXq1awj8ajhoCR20QAvD_BwE" "Mozilla/5.0 (Linux; Android 10; K) AppleWebKit/537.36 (KHTML, like Gecko) Chrome/149.0.0.0 Mobile Safari/537.36"
113.185.46.61 - - [03/Jul/2026:00:24:19 +0700] "GET /wp-content/uploads/2025/10/z7142834898349_bebe4bc214ef7aea3a78078a3e5f3ac0-533x400.jpg HTTP/1.1" 200 44159 "https://cuuhootoxemay-24h.com/?gad_source=1&gad_campaignid=23198763052&gclid=CjwKCAjwmJjSBhB-EiwAkZgxiwi6Se4aBGcNn7XEdTtHjHJ-IT_OF_jXhYcFPWu9NmjeXq1awj8ajhoCR20QAvD_BwE" "Mozilla/5.0 (Linux; Android 10; K) AppleWebKit/537.36 (KHTML, like Gecko) Chrome/149.0.0.0 Mobile Safari/537.36"
66.249.71.197 - - [03/Jul/2026:00:24:49 +0700] "GET /items/A383160546 HTTP/1.1" 301 5 "-" "Mozilla/5.0 (Linux; Android 6.0.1; Nexus 5X Build/MMB29P) AppleWebKit/537.36 (KHTML, like Gecko) Chrome/150.0.7871.46 Mobile Safari/537.36 (compatible; Googlebot/2.1; +http://www.google.com/bot.html)"
66.249.71.171 - - [03/Jul/2026:00:25:25 +0700] "GET /items/A383160546/ HTTP/1.1" 200 21476 "-" "Mozilla/5.0 (Linux; Android 6.0.1; Nexus 5X Build/MMB29P) AppleWebKit/537.36 (KHTML, like Gecko) Chrome/150.0.7871.46 Mobile Safari/537.36 (compatible; Googlebot/2.1; +http://www.google.com/bot.html)"
66.249.73.225 - - [03/Jul/2026:00:25:45 +0700] "GET /items/A368314526 HTTP/1.1" 301 5 "-" "Mozilla/5.0 (Linux; Android 6.0.1; Nexus 5X Build/MMB29P) AppleWebKit/537.36 (KHTML, like Gecko) Chrome/150.0.7871.46 Mobile Safari/537.36 (compatible; Googlebot/2.1; +http://www.google.com/bot.html)"
66.249.65.171 - - [03/Jul/2026:00:26:02 +0700] "GET /items/A368314526/ HTTP/1.1" 200 21468 "-" "Mozilla/5.0 (Linux; Android 6.0.1; Nexus 5X Build/MMB29P) AppleWebKit/537.36 (KHTML, like Gecko) Chrome/150.0.7871.46 Mobile Safari/537.36 (compatible; Googlebot/2.1; +http://www.google.com/bot.html)"
43.133.253.253 - - [03/Jul/2026:00:26:02 +0700] "GET / HTTP/1.1" 200 21526 "-" "Mozilla/5.0 (iPhone; CPU iPhone OS 13_2_3 like Mac OS X) AppleWebKit/605.1.15 (KHTML, like Gecko) Version/13.0.3 Mobile/15E148 Safari/604.1"
66.249.73.226 - - [03/Jul/2026:00:26:22 +0700] "GET /items/A381175234 HTTP/1.1" 301 5 "-" "Mozilla/5.0 (Linux; Android 6.0.1; Nexus 5X Build/MMB29P) AppleWebKit/537.36 (KHTML, like Gecko) Chrome/150.0.7871.46 Mobile Safari/537.36 (compatible; Googlebot/2.1; +http://www.google.com/bot.html)"
66.249.65.173 - - [03/Jul/2026:00:26:56 +0700] "GET /items/A381175234/ HTTP/1.1" 200 21451 "-" "Mozilla/5.0 (Linux; Android 6.0.1; Nexus 5X Build/MMB29P) AppleWebKit/537.36 (KHTML, like Gecko) Chrome/150.0.7871.46 Mobile Safari/537.36 (compatible; Googlebot/2.1; +http://www.google.com/bot.html)"
103.75.185.95 - - [03/Jul/2026:00:27:20 +0700] "GET / HTTP/1.1" 200 21500 "-" "Mozilla/5.0 (X11; Linux x86_64) AppleWebKit/537.36 (KHTML, like Gecko) Chrome/44.0.2403.157 Safari/537.36"
103.75.185.95 - - [03/Jul/2026:00:30:59 +0700] "POST /wp-cron.php?doing_wp_cron=1783013459.4368379116058349609375 HTTP/1.1" 200 31 "-" "WordPress/7.0; https://cuuhootoxemay-24h.com"
198.244.168.155 - - [03/Jul/2026:00:30:59 +0700] "GET /?sitemap605.xml HTTP/1.1" 200 21478 "-" "Mozilla/5.0 (compatible; AhrefsBot/7.0; +http://ahrefs.com/robot/)"
66.249.65.173 - - [03/Jul/2026:00:32:23 +0700] "GET /?jp/051015664.html HTTP/1.1" 200 21469 "-" "Mozilla/5.0 (Linux; Android 6.0.1; Nexus 5X Build/MMB29P) AppleWebKit/537.36 (KHTML, like Gecko) Chrome/150.0.7871.46 Mobile Safari/537.36 (compatible; Googlebot/2.1; +http://www.google.com/bot.html)"
66.249.71.195 - - [03/Jul/2026:00:33:25 +0700] "GET /items/A375204948 HTTP/1.1" 301 5 "-" "Mozilla/5.0 (Linux; Android 6.0.1; Nexus 5X Build/MMB29P) AppleWebKit/537.36 (KHTML, like Gecko) Chrome/150.0.7871.46 Mobile Safari/537.36 (compatible; Googlebot/2.1; +http://www.google.com/bot.html)"
66.249.65.173 - - [03/Jul/2026:00:34:23 +0700] "GET /items/A123984384 HTTP/1.1" 301 5 "-" "Mozilla/5.0 (Linux; Android 6.0.1; Nexus 5X Build/MMB29P) AppleWebKit/537.36 (KHTML, like Gecko) Chrome/150.0.7871.46 Mobile Safari/537.36 (compatible; Googlebot/2.1; +http://www.google.com/bot.html)"
66.249.71.172 - - [03/Jul/2026:00:34:42 +0700] "GET /items/A123984384/ HTTP/1.1" 200 21485 "-" "Mozilla/5.0 (Linux; Android 6.0.1; Nexus 5X Build/MMB29P) AppleWebKit/537.36 (KHTML, like Gecko) Chrome/150.0.7871.46 Mobile Safari/537.36 (compatible; Googlebot/2.1; +http://www.google.com/bot.html)"
66.249.73.226 - - [03/Jul/2026:00:34:47 +0700] "GET /items/A407066834 HTTP/1.1" 301 5 "-" "Mozilla/5.0 (Linux; Android 6.0.1; Nexus 5X Build/MMB29P) AppleWebKit/537.36 (KHTML, like Gecko) Chrome/150.0.7871.46 Mobile Safari/537.36 (compatible; Googlebot/2.1; +http://www.google.com/bot.html)"
66.249.71.171 - - [03/Jul/2026:00:35:09 +0700] "GET /items/A407066834/ HTTP/1.1" 200 21445 "-" "Mozilla/5.0 (Linux; Android 6.0.1; Nexus 5X Build/MMB29P) AppleWebKit/537.36 (KHTML, like Gecko) Chrome/150.0.7871.46 Mobile Safari/537.36 (compatible; Googlebot/2.1; +http://www.google.com/bot.html)"
66.249.73.225 - - [03/Jul/2026:00:35:49 +0700] "GET /items/A398135646 HTTP/1.1" 301 5 "-" "Mozilla/5.0 (Linux; Android 6.0.1; Nexus 5X Build/MMB29P) AppleWebKit/537.36 (KHTML, like Gecko) Chrome/150.0.7871.46 Mobile Safari/537.36 (compatible; Googlebot/2.1; +http://www.google.com/bot.html)"
49.51.183.75 - - [03/Jul/2026:00:37:03 +0700] "GET /xmlrpc.php HTTP/1.1" 444 0 "-" "Mozilla/5.0 (iPhone; CPU iPhone OS 13_2_3 like Mac OS X) AppleWebKit/605.1.15 (KHTML, like Gecko) Version/13.0.3 Mobile/15E148 Safari/604.1"
179.127.11.105 - - [03/Jul/2026:00:42:20 +0700] "GET /wp-login.php HTTP/1.1" 200 3317 "-" "Mozilla/5.0 (Macintosh; Intel Mac OS X 10_15_7) AppleWebKit/537.36 (KHTML, like Gecko) Chrome/133.0.0.0 Safari/537.36"
103.75.185.95 - - [03/Jul/2026:00:42:20 +0700] "POST /wp-cron.php?doing_wp_cron=1783014139.8852620124816894531250 HTTP/1.1" 200 31 "-" "WordPress/7.0; https://cuuhootoxemay-24h.com"
103.82.21.169 - - [03/Jul/2026:00:42:20 +0700] "GET /wp-login.php HTTP/1.1" 200 3317 "-" "Mozilla/5.0 (Windows NT 10.0; Win64; x64; rv:133.0) Gecko/20100101 Firefox/133.0"
179.127.11.105 - - [03/Jul/2026:00:42:22 +0700] "POST /wp-login.php HTTP/1.1" 200 3477 "https://cuuhootoxemay-24h.com/wp-login.php" "Mozilla/5.0 (Macintosh; Intel Mac OS X 10_15_7) AppleWebKit/537.36 (KHTML, like Gecko) Chrome/133.0.0.0 Safari/537.36"
103.82.21.169 - - [03/Jul/2026:00:42:22 +0700] "POST /wp-login.php HTTP/1.1" 200 3477 "https://cuuhootoxemay-24h.com/wp-login.php" "Mozilla/5.0 (Windows NT 10.0; Win64; x64; rv:133.0) Gecko/20100101 Firefox/133.0"
151.246.1.47 - - [03/Jul/2026:00:42:40 +0700] "GET /wp-login.php HTTP/1.1" 200 3317 "-" "Mozilla/5.0 (Windows NT 10.0; Win64; x64) AppleWebKit/537.36 (KHTML, like Gecko) Chrome/120.0.0.0 Safari/537.36"
151.246.1.47 - - [03/Jul/2026:00:42:50 +0700] "POST /wp-login.php HTTP/1.1" 200 3477 "https://cuuhootoxemay-24h.com/wp-login.php" "Mozilla/5.0 (Windows NT 10.0; Win64; x64) AppleWebKit/537.36 (KHTML, like Gecko) Chrome/120.0.0.0 Safari/537.36"
138.246.253.24 - - [03/Jul/2026:00:43:18 +0700] "GET /robots.txt HTTP/1.1" 200 415 "-" "Mozilla/5.0 (Windows NT 10.0; Win64; x64) AppleWebKit/537.36 (KHTML, like Gecko) Chrome/103.0.5060.134 Safari/537.36"
113.185.47.181 - - [03/Jul/2026:00:43:21 +0700] "GET /?gad_source=1&gad_campaignid=23198763052&gclid=EAIaIQobChMIrpL6tsW0lQMVBwZ7Bx1KXDZ6EAAYASAAEgI74PD_BwE HTTP/1.1" 200 21441 "https://www.google.com/" "Mozilla/5.0 (Linux; Android 10; K) AppleWebKit/537.36 (KHTML, like Gecko) Chrome/149.0.0.0 Mobile Safari/537.36"
113.185.47.181 - - [03/Jul/2026:00:43:21 +0700] "GET /wp-content/themes/flatsome/assets/css/flatsome.css?ver=3.18.0 HTTP/1.1" 200 39344 "https://cuuhootoxemay-24h.com/?gad_source=1&gad_campaignid=23198763052&gclid=EAIaIQobChMIrpL6tsW0lQMVBwZ7Bx1KXDZ6EAAYASAAEgI74PD_BwE" "Mozilla/5.0 (Linux; Android 10; K) AppleWebKit/537.36 (KHTML, like Gecko) Chrome/149.0.0.0 Mobile Safari/537.36"
113.185.47.181 - - [03/Jul/2026:00:43:21 +0700] "GET /wp-content/themes/flatsome-child/style.css?ver=3.0 HTTP/1.1" 200 317 "https://cuuhootoxemay-24h.com/?gad_source=1&gad_campaignid=23198763052&gclid=EAIaIQobChMIrpL6tsW0lQMVBwZ7Bx1KXDZ6EAAYASAAEgI74PD_BwE" "Mozilla/5.0 (Linux; Android 10; K) AppleWebKit/537.36 (KHTML, like Gecko) Chrome/149.0.0.0 Mobile Safari/537.36"
113.185.47.181 - - [03/Jul/2026:00:43:21 +0700] "GET /wp-includes/js/jquery/jquery-migrate.min.js?ver=3.4.1 HTTP/1.1" 200 5355 "https://cuuhootoxemay-24h.com/?gad_source=1&gad_campaignid=23198763052&gclid=EAIaIQobChMIrpL6tsW0lQMVBwZ7Bx1KXDZ6EAAYASAAEgI74PD_BwE" "Mozilla/5.0 (Linux; Android 10; K) AppleWebKit/537.36 (KHTML, like Gecko) Chrome/149.0.0.0 Mobile Safari/537.36"
113.185.47.181 - - [03/Jul/2026:00:43:21 +0700] "GET /wp-includes/js/jquery/jquery.min.js?ver=3.7.1 HTTP/1.1" 200 35451 "https://cuuhootoxemay-24h.com/?gad_source=1&gad_campaignid=23198763052&gclid=EAIaIQobChMIrpL6tsW0lQMVBwZ7Bx1KXDZ6EAAYASAAEgI74PD_BwE" "Mozilla/5.0 (Linux; Android 10; K) AppleWebKit/537.36 (KHTML, like Gecko) Chrome/149.0.0.0 Mobile Safari/537.36"
113.185.47.181 - - [03/Jul/2026:00:43:21 +0700] "GET /wp-content/uploads/2025/10/customer-service-1.png.webp HTTP/1.1" 200 4098 "https://cuuhootoxemay-24h.com/?gad_source=1&gad_campaignid=23198763052&gclid=EAIaIQobChMIrpL6tsW0lQMVBwZ7Bx1KXDZ6EAAYASAAEgI74PD_BwE" "Mozilla/5.0 (Linux; Android 10; K) AppleWebKit/537.36 (KHTML, like Gecko) Chrome/149.0.0.0 Mobile Safari/537.36"
113.185.47.181 - - [03/Jul/2026:00:43:21 +0700] "GET /wp-content/uploads/2025/10/doctor.png.webp HTTP/1.1" 200 4124 "https://cuuhootoxemay-24h.com/?gad_source=1&gad_campaignid=23198763052&gclid=EAIaIQobChMIrpL6tsW0lQMVBwZ7Bx1KXDZ6EAAYASAAEgI74PD_BwE" "Mozilla/5.0 (Linux; Android 10; K) AppleWebKit/537.36 (KHTML, like Gecko) Chrome/149.0.0.0 Mobile Safari/537.36"
113.185.47.181 - - [03/Jul/2026:00:43:21 +0700] "GET /wp-content/uploads/2025/10/666-1.png HTTP/1.1" 200 88265 "https://cuuhootoxemay-24h.com/?gad_source=1&gad_campaignid=23198763052&gclid=EAIaIQobChMIrpL6tsW0lQMVBwZ7Bx1KXDZ6EAAYASAAEgI74PD_BwE" "Mozilla/5.0 (Linux; Android 10; K) AppleWebKit/537.36 (KHTML, like Gecko) Chrome/149.0.0.0 Mobile Safari/537.36"
113.185.47.181 - - [03/Jul/2026:00:43:21 +0700] "GET /wp-content/themes/flatsome/inc/extensions/flatsome-live-search/flatsome-live-search.js?ver=3.18.0 HTTP/1.1" 200 5725 "https://cuuhootoxemay-24h.com/?gad_source=1&gad_campaignid=23198763052&gclid=EAIaIQobChMIrpL6tsW0lQMVBwZ7Bx1KXDZ6EAAYASAAEgI74PD_BwE" "Mozilla/5.0 (Linux; Android 10; K) AppleWebKit/537.36 (KHTML, like Gecko) Chrome/149.0.0.0 Mobile Safari/537.36"
113.185.47.181 - - [03/Jul/2026:00:43:21 +0700] "GET /wp-includes/js/hoverIntent.min.js?ver=1.10.2 HTTP/1.1" 200 733 "https://cuuhootoxemay-24h.com/?gad_source=1&gad_campaignid=23198763052&gclid=EAIaIQobChMIrpL6tsW0lQMVBwZ7Bx1KXDZ6EAAYASAAEgI74PD_BwE" "Mozilla/5.0 (Linux; Android 10; K) AppleWebKit/537.36 (KHTML, like Gecko) Chrome/149.0.0.0 Mobile Safari/537.36"
113.185.47.181 - - [03/Jul/2026:00:43:21 +0700] "GET /wp-content/themes/flatsome/assets/js/flatsome.js?ver=039f9485eef603e7c53a HTTP/1.1" 200 19487 "https://cuuhootoxemay-24h.com/?gad_source=1&gad_campaignid=23198763052&gclid=EAIaIQobChMIrpL6tsW0lQMVBwZ7Bx1KXDZ6EAAYASAAEgI74PD_BwE" "Mozilla/5.0 (Linux; Android 10; K) AppleWebKit/537.36 (KHTML, like Gecko) Chrome/149.0.0.0 Mobile Safari/537.36"
113.185.47.181 - - [03/Jul/2026:00:43:21 +0700] "GET /wp-content/themes/flatsome/assets/js/chunk.slider.js?ver=3.18.0 HTTP/1.1" 200 16393 "https://cuuhootoxemay-24h.com/?gad_source=1&gad_campaignid=23198763052&gclid=EAIaIQobChMIrpL6tsW0lQMVBwZ7Bx1KXDZ6EAAYASAAEgI74PD_BwE" "Mozilla/5.0 (Linux; Android 10; K) AppleWebKit/537.36 (KHTML, like Gecko) Chrome/149.0.0.0 Mobile Safari/537.36"
113.185.47.181 - - [03/Jul/2026:00:43:21 +0700] "GET /wp-content/themes/flatsome/assets/js/chunk.tooltips.js?ver=3.18.0 HTTP/1.1" 200 12169 "https://cuuhootoxemay-24h.com/?gad_source=1&gad_campaignid=23198763052&gclid=EAIaIQobChMIrpL6tsW0lQMVBwZ7Bx1KXDZ6EAAYASAAEgI74PD_BwE" "Mozilla/5.0 (Linux; Android 10; K) AppleWebKit/537.36 (KHTML, like Gecko) Chrome/149.0.0.0 Mobile Safari/537.36"
113.185.47.181 - - [03/Jul/2026:00:43:21 +0700] "GET /wp-content/themes/flatsome/assets/js/chunk.popups.js?ver=3.18.0 HTTP/1.1" 200 8129 "https://cuuhootoxemay-24h.com/?gad_source=1&gad_campaignid=23198763052&gclid=EAIaIQobChMIrpL6tsW0lQMVBwZ7Bx1KXDZ6EAAYASAAEgI74PD_BwE" "Mozilla/5.0 (Linux; Android 10; K) AppleWebKit/537.36 (KHTML, like Gecko) Chrome/149.0.0.0 Mobile Safari/537.36"
113.185.47.181 - - [03/Jul/2026:00:43:21 +0700] "GET /wp-content/themes/flatsome/assets/css/icons/fl-icons.woff2?v=3.18.0 HTTP/1.1" 200 7244 "https://cuuhootoxemay-24h.com/?gad_source=1&gad_campaignid=23198763052&gclid=EAIaIQobChMIrpL6tsW0lQMVBwZ7Bx1KXDZ6EAAYASAAEgI74PD_BwE" "Mozilla/5.0 (Linux; Android 10; K) AppleWebKit/537.36 (KHTML, like Gecko) Chrome/149.0.0.0 Mobile Safari/537.36"
113.185.47.181 - - [03/Jul/2026:00:43:21 +0700] "GET /wp-content/uploads/2025/10/dv3-280x280-1.webp HTTP/1.1" 200 7346 "https://cuuhootoxemay-24h.com/?gad_source=1&gad_campaignid=23198763052&gclid=EAIaIQobChMIrpL6tsW0lQMVBwZ7Bx1KXDZ6EAAYASAAEgI74PD_BwE" "Mozilla/5.0 (Linux; Android 10; K) AppleWebKit/537.36 (KHTML, like Gecko) Chrome/149.0.0.0 Mobile Safari/537.36"
113.185.47.181 - - [03/Jul/2026:00:43:21 +0700] "GET /wp-content/uploads/2024/01/service-1.png HTTP/1.1" 200 4322 "https://cuuhootoxemay-24h.com/?gad_source=1&gad_campaignid=23198763052&gclid=EAIaIQobChMIrpL6tsW0lQMVBwZ7Bx1KXDZ6EAAYASAAEgI74PD_BwE" "Mozilla/5.0 (Linux; Android 10; K) AppleWebKit/537.36 (KHTML, like Gecko) Chrome/149.0.0.0 Mobile Safari/537.36"
113.185.47.181 - - [03/Jul/2026:00:43:21 +0700] "GET /wp-content/uploads/2024/01/service-2.png HTTP/1.1" 200 5171 "https://cuuhootoxemay-24h.com/?gad_source=1&gad_campaignid=23198763052&gclid=EAIaIQobChMIrpL6tsW0lQMVBwZ7Bx1KXDZ6EAAYASAAEgI74PD_BwE" "Mozilla/5.0 (Linux; Android 10; K) AppleWebKit/537.36 (KHTML, like Gecko) Chrome/149.0.0.0 Mobile Safari/537.36"
113.185.47.181 - - [03/Jul/2026:00:43:21 +0700] "GET /wp-content/uploads/2024/01/service-3.png HTTP/1.1" 200 6030 "https://cuuhootoxemay-24h.com/?gad_source=1&gad_campaignid=23198763052&gclid=EAIaIQobChMIrpL6tsW0lQMVBwZ7Bx1KXDZ6EAAYASAAEgI74PD_BwE" "Mozilla/5.0 (Linux; Android 10; K) AppleWebKit/537.36 (KHTML, like Gecko) Chrome/149.0.0.0 Mobile Safari/537.36"
113.185.47.181 - - [03/Jul/2026:00:43:21 +0700] "GET /wp-content/uploads/2025/10/z7142834917907_799f6fc7dd3ebc097b903d5288d5316a-1067x800.jpg HTTP/1.1" 200 86346 "https://cuuhootoxemay-24h.com/?gad_source=1&gad_campaignid=23198763052&gclid=EAIaIQobChMIrpL6tsW0lQMVBwZ7Bx1KXDZ6EAAYASAAEgI74PD_BwE" "Mozilla/5.0 (Linux; Android 10; K) AppleWebKit/537.36 (KHTML, like Gecko) Chrome/149.0.0.0 Mobile Safari/537.36"
113.185.47.181 - - [03/Jul/2026:00:43:21 +0700] "GET /wp-content/uploads/2026/03/Black-and-Yellow-Modern-Auto-Repair-And-Service-Expert-Outdoor-Banner-2048x768-1-1400x525.png HTTP/1.1" 200 1102297 "https://cuuhootoxemay-24h.com/?gad_source=1&gad_campaignid=23198763052&gclid=EAIaIQobChMIrpL6tsW0lQMVBwZ7Bx1KXDZ6EAAYASAAEgI74PD_BwE" "Mozilla/5.0 (Linux; Android 10; K) AppleWebKit/537.36 (KHTML, like Gecko) Chrome/149.0.0.0 Mobile Safari/537.36"
113.185.47.181 - - [03/Jul/2026:00:43:22 +0700] "GET /wp-includes/js/wp-emoji-release.min.js?ver=7.0 HTTP/1.1" 200 6306 "https://cuuhootoxemay-24h.com/?gad_source=1&gad_campaignid=23198763052&gclid=EAIaIQobChMIrpL6tsW0lQMVBwZ7Bx1KXDZ6EAAYASAAEgI74PD_BwE" "Mozilla/5.0 (Linux; Android 10; K) AppleWebKit/537.36 (KHTML, like Gecko) Chrome/149.0.0.0 Mobile Safari/537.36"
113.185.47.181 - - [03/Jul/2026:00:43:23 +0700] "GET /wp-content/uploads/2025/10/cropped-666-180x180.png HTTP/1.1" 200 19941 "https://cuuhootoxemay-24h.com/?gad_source=1&gad_campaignid=23198763052&gclid=EAIaIQobChMIrpL6tsW0lQMVBwZ7Bx1KXDZ6EAAYASAAEgI74PD_BwE" "Mozilla/5.0 (Linux; Android 10; K) AppleWebKit/537.36 (KHTML, like Gecko) Chrome/149.0.0.0 Mobile Safari/537.36"
113.185.47.181 - - [03/Jul/2026:00:43:23 +0700] "GET /wp-content/uploads/2025/10/cropped-666-192x192.png HTTP/1.1" 200 21960 "https://cuuhootoxemay-24h.com/?gad_source=1&gad_campaignid=23198763052&gclid=EAIaIQobChMIrpL6tsW0lQMVBwZ7Bx1KXDZ6EAAYASAAEgI74PD_BwE" "Mozilla/5.0 (Linux; Android 10; K) AppleWebKit/537.36 (KHTML, like Gecko) Chrome/149.0.0.0 Mobile Safari/537.36"
43.153.76.247 - - [03/Jul/2026:00:44:59 +0700] "GET / HTTP/1.1" 200 21549 "-" "Mozilla/5.0 (iPhone; CPU iPhone OS 13_2_3 like Mac OS X) AppleWebKit/605.1.15 (KHTML, like Gecko) Version/13.0.3 Mobile/15E148 Safari/604.1"
1.53.168.155 - - [03/Jul/2026:00:45:36 +0700] "GET /wp-includes/js/wp-emoji-release.min.js?ver=7.0 HTTP/1.1" 304 0 "https://cuuhootoxemay-24h.com/?gad_source=1&gad_campaignid=23198763052&gclid=CjwKCAjw0o3SBhBVEiwAh28-ja_8FFF0pSLQORS5Tl8aypdeWLX1yf1AWsKCzeCwhv1CJo0GUZs1SBoCVoUQAvD_BwE" "Mozilla/5.0 (iPhone; CPU iPhone OS 18_5_0 like Mac OS X) AppleWebKit/605.1.15 (KHTML, like Gecko) CriOS/149.0.7827.137 Mobile/15E148 Safari/604.1"
42.1.70.3 - - [03/Jul/2026:00:46:27 +0700] "GET /?gad_source=1&gad_campaignid=23198763052&gclid=CjwKCAjwmJjSBhB-EiwAkZgxi1R5zTscTDumBXMgIN1qTUbcFWp-dnsjij3c1_-4MJ2GgTuwr4XhqhoCG34QAvD_BwE HTTP/1.1" 200 21538 "https://www.google.com/" "Mozilla/5.0 (Linux; Android 10; K) AppleWebKit/537.36 (KHTML, like Gecko) Chrome/149.0.0.0 Mobile Safari/537.36"
42.1.70.3 - - [03/Jul/2026:00:46:27 +0700] "GET /wp-content/themes/flatsome/assets/css/flatsome.css?ver=3.18.0 HTTP/1.1" 200 39344 "https://cuuhootoxemay-24h.com/?gad_source=1&gad_campaignid=23198763052&gclid=CjwKCAjwmJjSBhB-EiwAkZgxi1R5zTscTDumBXMgIN1qTUbcFWp-dnsjij3c1_-4MJ2GgTuwr4XhqhoCG34QAvD_BwE" "Mozilla/5.0 (Linux; Android 10; K) AppleWebKit/537.36 (KHTML, like Gecko) Chrome/149.0.0.0 Mobile Safari/537.36"
42.1.70.3 - - [03/Jul/2026:00:46:27 +0700] "GET /wp-content/themes/flatsome-child/style.css?ver=3.0 HTTP/1.1" 200 317 "https://cuuhootoxemay-24h.com/?gad_source=1&gad_campaignid=23198763052&gclid=CjwKCAjwmJjSBhB-EiwAkZgxi1R5zTscTDumBXMgIN1qTUbcFWp-dnsjij3c1_-4MJ2GgTuwr4XhqhoCG34QAvD_BwE" "Mozilla/5.0 (Linux; Android 10; K) AppleWebKit/537.36 (KHTML, like Gecko) Chrome/149.0.0.0 Mobile Safari/537.36"
42.1.70.3 - - [03/Jul/2026:00:46:27 +0700] "GET /wp-includes/js/jquery/jquery-migrate.min.js?ver=3.4.1 HTTP/1.1" 200 5355 "https://cuuhootoxemay-24h.com/?gad_source=1&gad_campaignid=23198763052&gclid=CjwKCAjwmJjSBhB-EiwAkZgxi1R5zTscTDumBXMgIN1qTUbcFWp-dnsjij3c1_-4MJ2GgTuwr4XhqhoCG34QAvD_BwE" "Mozilla/5.0 (Linux; Android 10; K) AppleWebKit/537.36 (KHTML, like Gecko) Chrome/149.0.0.0 Mobile Safari/537.36"
42.1.70.3 - - [03/Jul/2026:00:46:27 +0700] "GET /wp-includes/js/jquery/jquery.min.js?ver=3.7.1 HTTP/1.1" 200 35451 "https://cuuhootoxemay-24h.com/?gad_source=1&gad_campaignid=23198763052&gclid=CjwKCAjwmJjSBhB-EiwAkZgxi1R5zTscTDumBXMgIN1qTUbcFWp-dnsjij3c1_-4MJ2GgTuwr4XhqhoCG34QAvD_BwE" "Mozilla/5.0 (Linux; Android 10; K) AppleWebKit/537.36 (KHTML, like Gecko) Chrome/149.0.0.0 Mobile Safari/537.36"
42.1.70.3 - - [03/Jul/2026:00:46:27 +0700] "GET /wp-content/uploads/2025/10/customer-service-1.png.webp HTTP/1.1" 200 4098 "https://cuuhootoxemay-24h.com/?gad_source=1&gad_campaignid=23198763052&gclid=CjwKCAjwmJjSBhB-EiwAkZgxi1R5zTscTDumBXMgIN1qTUbcFWp-dnsjij3c1_-4MJ2GgTuwr4XhqhoCG34QAvD_BwE" "Mozilla/5.0 (Linux; Android 10; K) AppleWebKit/537.36 (KHTML, like Gecko) Chrome/149.0.0.0 Mobile Safari/537.36"
42.1.70.3 - - [03/Jul/2026:00:46:27 +0700] "GET /wp-content/uploads/2025/10/doctor.png.webp HTTP/1.1" 200 4124 "https://cuuhootoxemay-24h.com/?gad_source=1&gad_campaignid=23198763052&gclid=CjwKCAjwmJjSBhB-EiwAkZgxi1R5zTscTDumBXMgIN1qTUbcFWp-dnsjij3c1_-4MJ2GgTuwr4XhqhoCG34QAvD_BwE" "Mozilla/5.0 (Linux; Android 10; K) AppleWebKit/537.36 (KHTML, like Gecko) Chrome/149.0.0.0 Mobile Safari/537.36"
42.1.70.3 - - [03/Jul/2026:00:46:27 +0700] "GET /wp-content/themes/flatsome/inc/extensions/flatsome-live-search/flatsome-live-search.js?ver=3.18.0 HTTP/1.1" 200 5725 "https://cuuhootoxemay-24h.com/?gad_source=1&gad_campaignid=23198763052&gclid=CjwKCAjwmJjSBhB-EiwAkZgxi1R5zTscTDumBXMgIN1qTUbcFWp-dnsjij3c1_-4MJ2GgTuwr4XhqhoCG34QAvD_BwE" "Mozilla/5.0 (Linux; Android 10; K) AppleWebKit/537.36 (KHTML, like Gecko) Chrome/149.0.0.0 Mobile Safari/537.36"
42.1.70.3 - - [03/Jul/2026:00:46:27 +0700] "GET /wp-includes/js/hoverIntent.min.js?ver=1.10.2 HTTP/1.1" 200 733 "https://cuuhootoxemay-24h.com/?gad_source=1&gad_campaignid=23198763052&gclid=CjwKCAjwmJjSBhB-EiwAkZgxi1R5zTscTDumBXMgIN1qTUbcFWp-dnsjij3c1_-4MJ2GgTuwr4XhqhoCG34QAvD_BwE" "Mozilla/5.0 (Linux; Android 10; K) AppleWebKit/537.36 (KHTML, like Gecko) Chrome/149.0.0.0 Mobile Safari/537.36"
42.1.70.3 - - [03/Jul/2026:00:46:27 +0700] "GET /wp-content/themes/flatsome/assets/js/flatsome.js?ver=039f9485eef603e7c53a HTTP/1.1" 200 19487 "https://cuuhootoxemay-24h.com/?gad_source=1&gad_campaignid=23198763052&gclid=CjwKCAjwmJjSBhB-EiwAkZgxi1R5zTscTDumBXMgIN1qTUbcFWp-dnsjij3c1_-4MJ2GgTuwr4XhqhoCG34QAvD_BwE" "Mozilla/5.0 (Linux; Android 10; K) AppleWebKit/537.36 (KHTML, like Gecko) Chrome/149.0.0.0 Mobile Safari/537.36"
42.1.70.3 - - [03/Jul/2026:00:46:28 +0700] "GET /wp-content/uploads/2025/10/666-1.png HTTP/1.1" 200 88265 "https://cuuhootoxemay-24h.com/?gad_source=1&gad_campaignid=23198763052&gclid=CjwKCAjwmJjSBhB-EiwAkZgxi1R5zTscTDumBXMgIN1qTUbcFWp-dnsjij3c1_-4MJ2GgTuwr4XhqhoCG34QAvD_BwE" "Mozilla/5.0 (Linux; Android 10; K) AppleWebKit/537.36 (KHTML, like Gecko) Chrome/149.0.0.0 Mobile Safari/537.36"
42.1.70.3 - - [03/Jul/2026:00:46:28 +0700] "GET /wp-content/themes/flatsome/assets/js/chunk.slider.js?ver=3.18.0 HTTP/1.1" 200 16393 "https://cuuhootoxemay-24h.com/?gad_source=1&gad_campaignid=23198763052&gclid=CjwKCAjwmJjSBhB-EiwAkZgxi1R5zTscTDumBXMgIN1qTUbcFWp-dnsjij3c1_-4MJ2GgTuwr4XhqhoCG34QAvD_BwE" "Mozilla/5.0 (Linux; Android 10; K) AppleWebKit/537.36 (KHTML, like Gecko) Chrome/149.0.0.0 Mobile Safari/537.36"
42.1.70.3 - - [03/Jul/2026:00:46:28 +0700] "GET /wp-content/themes/flatsome/assets/js/chunk.popups.js?ver=3.18.0 HTTP/1.1" 200 8129 "https://cuuhootoxemay-24h.com/?gad_source=1&gad_campaignid=23198763052&gclid=CjwKCAjwmJjSBhB-EiwAkZgxi1R5zTscTDumBXMgIN1qTUbcFWp-dnsjij3c1_-4MJ2GgTuwr4XhqhoCG34QAvD_BwE" "Mozilla/5.0 (Linux; Android 10; K) AppleWebKit/537.36 (KHTML, like Gecko) Chrome/149.0.0.0 Mobile Safari/537.36"
42.1.70.3 - - [03/Jul/2026:00:46:28 +0700] "GET /wp-content/themes/flatsome/assets/js/chunk.tooltips.js?ver=3.18.0 HTTP/1.1" 200 12169 "https://cuuhootoxemay-24h.com/?gad_source=1&gad_campaignid=23198763052&gclid=CjwKCAjwmJjSBhB-EiwAkZgxi1R5zTscTDumBXMgIN1qTUbcFWp-dnsjij3c1_-4MJ2GgTuwr4XhqhoCG34QAvD_BwE" "Mozilla/5.0 (Linux; Android 10; K) AppleWebKit/537.36 (KHTML, like Gecko) Chrome/149.0.0.0 Mobile Safari/537.36"
42.1.70.3 - - [03/Jul/2026:00:46:28 +0700] "GET /wp-content/themes/flatsome/assets/css/icons/fl-icons.woff2?v=3.18.0 HTTP/1.1" 200 7244 "https://cuuhootoxemay-24h.com/?gad_source=1&gad_campaignid=23198763052&gclid=CjwKCAjwmJjSBhB-EiwAkZgxi1R5zTscTDumBXMgIN1qTUbcFWp-dnsjij3c1_-4MJ2GgTuwr4XhqhoCG34QAvD_BwE" "Mozilla/5.0 (Linux; Android 10; K) AppleWebKit/537.36 (KHTML, like Gecko) Chrome/149.0.0.0 Mobile Safari/537.36"
42.1.70.3 - - [03/Jul/2026:00:46:28 +0700] "GET /wp-includes/js/wp-emoji-release.min.js?ver=7.0 HTTP/1.1" 200 6306 "https://cuuhootoxemay-24h.com/?gad_source=1&gad_campaignid=23198763052&gclid=CjwKCAjwmJjSBhB-EiwAkZgxi1R5zTscTDumBXMgIN1qTUbcFWp-dnsjij3c1_-4MJ2GgTuwr4XhqhoCG34QAvD_BwE" "Mozilla/5.0 (Linux; Android 10; K) AppleWebKit/537.36 (KHTML, like Gecko) Chrome/149.0.0.0 Mobile Safari/537.36"
42.1.70.3 - - [03/Jul/2026:00:46:29 +0700] "GET /wp-content/uploads/2026/03/Black-and-Yellow-Modern-Auto-Repair-And-Service-Expert-Outdoor-Banner-2048x768-1-1400x525.png HTTP/1.1" 200 1102304 "https://cuuhootoxemay-24h.com/?gad_source=1&gad_campaignid=23198763052&gclid=CjwKCAjwmJjSBhB-EiwAkZgxi1R5zTscTDumBXMgIN1qTUbcFWp-dnsjij3c1_-4MJ2GgTuwr4XhqhoCG34QAvD_BwE" "Mozilla/5.0 (Linux; Android 10; K) AppleWebKit/537.36 (KHTML, like Gecko) Chrome/149.0.0.0 Mobile Safari/537.36"
66.249.73.227 - - [03/Jul/2026:00:47:18 +0700] "GET /items/A397897660 HTTP/1.1" 301 5 "-" "Mozilla/5.0 (Linux; Android 6.0.1; Nexus 5X Build/MMB29P) AppleWebKit/537.36 (KHTML, like Gecko) Chrome/150.0.7871.46 Mobile Safari/537.36 (compatible; Googlebot/2.1; +http://www.google.com/bot.html)"
66.249.65.171 - - [03/Jul/2026:00:50:19 +0700] "GET /items/A397897660/ HTTP/1.1" 200 21424 "-" "Mozilla/5.0 (Linux; Android 6.0.1; Nexus 5X Build/MMB29P) AppleWebKit/537.36 (KHTML, like Gecko) Chrome/150.0.7871.46 Mobile Safari/537.36 (compatible; Googlebot/2.1; +http://www.google.com/bot.html)"
43.153.96.79 - - [03/Jul/2026:00:57:30 +0700] "GET / HTTP/1.1" 499 0 "-" "Mozilla/5.0 (iPhone; CPU iPhone OS 13_2_3 like Mac OS X) AppleWebKit/605.1.15 (KHTML, like Gecko) Version/13.0.3 Mobile/15E148 Safari/604.1"
66.249.71.173 - - [03/Jul/2026:01:02:06 +0700] "GET /items/A127872312 HTTP/1.1" 301 5 "-" "Mozilla/5.0 (Linux; Android 6.0.1; Nexus 5X Build/MMB29P) AppleWebKit/537.36 (KHTML, like Gecko) Chrome/150.0.7871.46 Mobile Safari/537.36 (compatible; Googlebot/2.1; +http://www.google.com/bot.html)"
66.249.73.225 - - [03/Jul/2026:01:05:22 +0700] "GET /items/A370217770 HTTP/1.1" 301 5 "-" "Mozilla/5.0 (Linux; Android 6.0.1; Nexus 5X Build/MMB29P) AppleWebKit/537.36 (KHTML, like Gecko) Chrome/150.0.7871.46 Mobile Safari/537.36 (compatible; Googlebot/2.1; +http://www.google.com/bot.html)"
66.249.65.172 - - [03/Jul/2026:01:06:19 +0700] "GET /items/A127872312/ HTTP/1.1" 200 21484 "-" "Mozilla/5.0 (Linux; Android 6.0.1; Nexus 5X Build/MMB29P) AppleWebKit/537.36 (KHTML, like Gecko) Chrome/150.0.7871.46 Mobile Safari/537.36 (compatible; Googlebot/2.1; +http://www.google.com/bot.html)"
66.249.65.173 - - [03/Jul/2026:01:07:55 +0700] "GET /items/A370217770/ HTTP/1.1" 200 21479 "-" "Mozilla/5.0 (Linux; Android 6.0.1; Nexus 5X Build/MMB29P) AppleWebKit/537.36 (KHTML, like Gecko) Chrome/150.0.7871.46 Mobile Safari/537.36 (compatible; Googlebot/2.1; +http://www.google.com/bot.html)"
170.106.165.186 - - [03/Jul/2026:01:07:59 +0700] "GET /wp-content/themes/flatsome/assets/css/icons/fl-icons.woff2?v=3.18.0 HTTP/1.1" 200 7244 "-" "Mozilla/5.0 (iPhone; CPU iPhone OS 13_2_3 like Mac OS X) AppleWebKit/605.1.15 (KHTML, like Gecko) Version/13.0.3 Mobile/15E148 Safari/604.1"
147.93.44.169 - - [03/Jul/2026:01:08:28 +0700] "GET / HTTP/1.1" 200 21462 "-" "Go-http-client/1.1"
66.249.71.197 - - [03/Jul/2026:01:16:52 +0700] "GET /items/A386993144 HTTP/1.1" 301 5 "-" "Mozilla/5.0 (Linux; Android 6.0.1; Nexus 5X Build/MMB29P) AppleWebKit/537.36 (KHTML, like Gecko) Chrome/150.0.7871.46 Mobile Safari/537.36 (compatible; Googlebot/2.1; +http://www.google.com/bot.html)"
54.38.147.122 - - [03/Jul/2026:01:17:22 +0700] "GET /?sitemap293.xml HTTP/1.1" 200 21496 "-" "Mozilla/5.0 (compatible; AhrefsBot/7.0; +http://ahrefs.com/robot/)"
66.249.65.172 - - [03/Jul/2026:01:18:48 +0700] "GET /items/A386993144/ HTTP/1.1" 200 21550 "-" "Mozilla/5.0 (Linux; Android 6.0.1; Nexus 5X Build/MMB29P) AppleWebKit/537.36 (KHTML, like Gecko) Chrome/150.0.7871.46 Mobile Safari/537.36 (compatible; Googlebot/2.1; +http://www.google.com/bot.html)"
43.153.67.21 - - [03/Jul/2026:01:19:19 +0700] "GET / HTTP/1.1" 200 21487 "-" "Mozilla/5.0 (iPhone; CPU iPhone OS 13_2_3 like Mac OS X) AppleWebKit/605.1.15 (KHTML, like Gecko) Version/13.0.3 Mobile/15E148 Safari/604.1"
66.249.73.225 - - [03/Jul/2026:01:19:41 +0700] "GET /items/A406719368 HTTP/1.1" 301 5 "-" "Mozilla/5.0 (Linux; Android 6.0.1; Nexus 5X Build/MMB29P) AppleWebKit/537.36 (KHTML, like Gecko) Chrome/150.0.7871.46 Mobile Safari/537.36 (compatible; Googlebot/2.1; +http://www.google.com/bot.html)"
66.249.73.225 - - [03/Jul/2026:01:19:54 +0700] "GET /items/A389006820 HTTP/1.1" 301 5 "-" "Mozilla/5.0 (Linux; Android 6.0.1; Nexus 5X Build/MMB29P) AppleWebKit/537.36 (KHTML, like Gecko) Chrome/150.0.7871.46 Mobile Safari/537.36 (compatible; Googlebot/2.1; +http://www.google.com/bot.html)"
66.249.65.172 - - [03/Jul/2026:01:20:23 +0700] "GET /items/A406719368/ HTTP/1.1" 200 21471 "-" "Mozilla/5.0 (Linux; Android 6.0.1; Nexus 5X Build/MMB29P) AppleWebKit/537.36 (KHTML, like Gecko) Chrome/150.0.7871.46 Mobile Safari/537.36 (compatible; Googlebot/2.1; +http://www.google.com/bot.html)"
66.249.71.171 - - [03/Jul/2026:01:20:38 +0700] "GET /items/A389006820/ HTTP/1.1" 200 21496 "-" "Mozilla/5.0 (Linux; Android 6.0.1; Nexus 5X Build/MMB29P) AppleWebKit/537.36 (KHTML, like Gecko) Chrome/150.0.7871.46 Mobile Safari/537.36 (compatible; Googlebot/2.1; +http://www.google.com/bot.html)"
216.73.217.162 - - [03/Jul/2026:01:21:08 +0700] "GET /robots.txt HTTP/1.1" 200 415 "-" "Mozilla/5.0 AppleWebKit/537.36 (KHTML, like Gecko; compatible; ClaudeBot/1.0; +claudebot@anthropic.com)"
216.73.217.162 - - [03/Jul/2026:01:21:15 +0700] "GET /buy.php HTTP/1.1" 200 35231 "-" "Mozilla/5.0 AppleWebKit/537.36 (KHTML, like Gecko; compatible; ClaudeBot/1.0; +claudebot@anthropic.com)"
66.249.73.226 - - [03/Jul/2026:01:21:39 +0700] "GET /items/A375294884 HTTP/1.1" 301 5 "-" "Mozilla/5.0 (Linux; Android 6.0.1; Nexus 5X Build/MMB29P) AppleWebKit/537.36 (KHTML, like Gecko) Chrome/150.0.7871.46 Mobile Safari/537.36 (compatible; Googlebot/2.1; +http://www.google.com/bot.html)"
66.249.71.171 - - [03/Jul/2026:01:22:08 +0700] "GET /items/A375294884/ HTTP/1.1" 200 21445 "-" "Mozilla/5.0 (Linux; Android 6.0.1; Nexus 5X Build/MMB29P) AppleWebKit/537.36 (KHTML, like Gecko) Chrome/150.0.7871.46 Mobile Safari/537.36 (compatible; Googlebot/2.1; +http://www.google.com/bot.html)"
66.249.73.227 - - [03/Jul/2026:01:22:37 +0700] "GET /?jp/205042319.html HTTP/1.1" 301 5 "-" "Mozilla/5.0 (Linux; Android 6.0.1; Nexus 5X Build/MMB29P) AppleWebKit/537.36 (KHTML, like Gecko) Chrome/150.0.7871.46 Mobile Safari/537.36 (compatible; Googlebot/2.1; +http://www.google.com/bot.html)"
66.249.65.172 - - [03/Jul/2026:01:23:07 +0700] "GET /?jp/205042319.html HTTP/1.1" 200 21458 "-" "Mozilla/5.0 (Linux; Android 6.0.1; Nexus 5X Build/MMB29P) AppleWebKit/537.36 (KHTML, like Gecko) Chrome/150.0.7871.46 Mobile Safari/537.36 (compatible; Googlebot/2.1; +http://www.google.com/bot.html)"
66.249.71.195 - - [03/Jul/2026:01:24:43 +0700] "GET /items/A391866194 HTTP/1.1" 301 5 "-" "Mozilla/5.0 (Linux; Android 6.0.1; Nexus 5X Build/MMB29P) AppleWebKit/537.36 (KHTML, like Gecko) Chrome/150.0.7871.46 Mobile Safari/537.36 (compatible; Googlebot/2.1; +http://www.google.com/bot.html)"
66.249.65.172 - - [03/Jul/2026:01:25:11 +0700] "GET /items/A124003980 HTTP/1.1" 301 5 "-" "Mozilla/5.0 (Linux; Android 6.0.1; Nexus 5X Build/MMB29P) AppleWebKit/537.36 (KHTML, like Gecko) Chrome/150.0.7871.46 Mobile Safari/537.36 (compatible; Googlebot/2.1; +http://www.google.com/bot.html)"
66.249.65.172 - - [03/Jul/2026:01:25:24 +0700] "GET /items/A391866194/ HTTP/1.1" 200 21483 "-" "Mozilla/5.0 (Linux; Android 6.0.1; Nexus 5X Build/MMB29P) AppleWebKit/537.36 (KHTML, like Gecko) Chrome/150.0.7871.46 Mobile Safari/537.36 (compatible; Googlebot/2.1; +http://www.google.com/bot.html)"
66.249.65.171 - - [03/Jul/2026:01:25:50 +0700] "GET /items/A124003980/ HTTP/1.1" 200 21520 "-" "Mozilla/5.0 (Linux; Android 6.0.1; Nexus 5X Build/MMB29P) AppleWebKit/537.36 (KHTML, like Gecko) Chrome/150.0.7871.46 Mobile Safari/537.36 (compatible; Googlebot/2.1; +http://www.google.com/bot.html)"
66.249.71.197 - - [03/Jul/2026:01:26:03 +0700] "GET /items/A391188776 HTTP/1.1" 301 5 "-" "Mozilla/5.0 (Linux; Android 6.0.1; Nexus 5X Build/MMB29P) AppleWebKit/537.36 (KHTML, like Gecko) Chrome/150.0.7871.46 Mobile Safari/537.36 (compatible; Googlebot/2.1; +http://www.google.com/bot.html)"
66.249.71.173 - - [03/Jul/2026:01:26:29 +0700] "GET /items/A391188776/ HTTP/1.1" 200 21501 "-" "Mozilla/5.0 (Linux; Android 6.0.1; Nexus 5X Build/MMB29P) AppleWebKit/537.36 (KHTML, like Gecko) Chrome/150.0.7871.46 Mobile Safari/537.36 (compatible; Googlebot/2.1; +http://www.google.com/bot.html)"
107.175.94.125 - - [03/Jul/2026:01:26:52 +0700] "GET /wp-login.php HTTP/1.1" 200 3317 "-" "Mozilla/5.0 (Windows NT 10.0; Win64; x64) AppleWebKit/537.36 (KHTML, like Gecko) Chrome/120.0.0.0 Safari/537.36"
107.175.94.125 - - [03/Jul/2026:01:26:54 +0700] "POST /wp-login.php HTTP/1.1" 200 3477 "https://cuuhootoxemay-24h.com/wp-login.php" "Mozilla/5.0 (Windows NT 10.0; Win64; x64) AppleWebKit/537.36 (KHTML, like Gecko) Chrome/120.0.0.0 Safari/537.36"
66.249.71.173 - - [03/Jul/2026:01:27:06 +0700] "GET /items/A117901584 HTTP/1.1" 301 5 "-" "Mozilla/5.0 (Linux; Android 6.0.1; Nexus 5X Build/MMB29P) AppleWebKit/537.36 (KHTML, like Gecko) Chrome/150.0.7871.46 Mobile Safari/537.36 (compatible; Googlebot/2.1; +http://www.google.com/bot.html)"
66.249.71.171 - - [03/Jul/2026:01:27:31 +0700] "GET /items/A117901584/ HTTP/1.1" 200 21462 "-" "Mozilla/5.0 (Linux; Android 6.0.1; Nexus 5X Build/MMB29P) AppleWebKit/537.36 (KHTML, like Gecko) Chrome/150.0.7871.46 Mobile Safari/537.36 (compatible; Googlebot/2.1; +http://www.google.com/bot.html)"
66.249.71.197 - - [03/Jul/2026:01:27:55 +0700] "GET /items/A391035266 HTTP/1.1" 301 5 "-" "Mozilla/5.0 (Linux; Android 6.0.1; Nexus 5X Build/MMB29P) AppleWebKit/537.36 (KHTML, like Gecko) Chrome/150.0.7871.46 Mobile Safari/537.36 (compatible; Googlebot/2.1; +http://www.google.com/bot.html)"
66.249.65.172 - - [03/Jul/2026:01:28:32 +0700] "GET /items/A391035266/ HTTP/1.1" 200 21513 "-" "Mozilla/5.0 (Linux; Android 6.0.1; Nexus 5X Build/MMB29P) AppleWebKit/537.36 (KHTML, like Gecko) Chrome/150.0.7871.46 Mobile Safari/537.36 (compatible; Googlebot/2.1; +http://www.google.com/bot.html)"
66.249.71.197 - - [03/Jul/2026:01:28:54 +0700] "GET /items/A388310530 HTTP/1.1" 301 5 "-" "Mozilla/5.0 (Linux; Android 6.0.1; Nexus 5X Build/MMB29P) AppleWebKit/537.36 (KHTML, like Gecko) Chrome/150.0.7871.46 Mobile Safari/537.36 (compatible; Googlebot/2.1; +http://www.google.com/bot.html)"
43.130.57.76 - - [03/Jul/2026:01:29:26 +0700] "GET / HTTP/1.1" 200 21496 "-" "Mozilla/5.0 (iPhone; CPU iPhone OS 13_2_3 like Mac OS X) AppleWebKit/605.1.15 (KHTML, like Gecko) Version/13.0.3 Mobile/15E148 Safari/604.1"
66.249.65.173 - - [03/Jul/2026:01:29:29 +0700] "GET /items/A388310530/ HTTP/1.1" 200 21489 "-" "Mozilla/5.0 (Linux; Android 6.0.1; Nexus 5X Build/MMB29P) AppleWebKit/537.36 (KHTML, like Gecko) Chrome/150.0.7871.46 Mobile Safari/537.36 (compatible; Googlebot/2.1; +http://www.google.com/bot.html)"
66.249.73.226 - - [03/Jul/2026:01:30:15 +0700] "GET /items/A397290354 HTTP/1.1" 301 5 "-" "Mozilla/5.0 (Linux; Android 6.0.1; Nexus 5X Build/MMB29P) AppleWebKit/537.36 (KHTML, like Gecko) Chrome/150.0.7871.46 Mobile Safari/537.36 (compatible; Googlebot/2.1; +http://www.google.com/bot.html)"
66.249.65.171 - - [03/Jul/2026:01:31:09 +0700] "GET /items/A397290354/ HTTP/1.1" 200 21504 "-" "Mozilla/5.0 (Linux; Android 6.0.1; Nexus 5X Build/MMB29P) AppleWebKit/537.36 (KHTML, like Gecko) Chrome/150.0.7871.46 Mobile Safari/537.36 (compatible; Googlebot/2.1; +http://www.google.com/bot.html)"
66.249.71.197 - - [03/Jul/2026:01:31:30 +0700] "GET /items/A399896230 HTTP/1.1" 301 5 "-" "Mozilla/5.0 (Linux; Android 6.0.1; Nexus 5X Build/MMB29P) AppleWebKit/537.36 (KHTML, like Gecko) Chrome/150.0.7871.46 Mobile Safari/537.36 (compatible; Googlebot/2.1; +http://www.google.com/bot.html)"
66.249.65.171 - - [03/Jul/2026:01:32:13 +0700] "GET /items/A399896230/ HTTP/1.1" 200 21478 "-" "Mozilla/5.0 (Linux; Android 6.0.1; Nexus 5X Build/MMB29P) AppleWebKit/537.36 (KHTML, like Gecko) Chrome/150.0.7871.46 Mobile Safari/537.36 (compatible; Googlebot/2.1; +http://www.google.com/bot.html)"
66.249.73.227 - - [03/Jul/2026:01:32:33 +0700] "GET /items/A401283294 HTTP/1.1" 301 5 "-" "Mozilla/5.0 (Linux; Android 6.0.1; Nexus 5X Build/MMB29P) AppleWebKit/537.36 (KHTML, like Gecko) Chrome/150.0.7871.46 Mobile Safari/537.36 (compatible; Googlebot/2.1; +http://www.google.com/bot.html)"
5.230.153.127 - - [03/Jul/2026:01:34:56 +0700] "GET /wp-content/plugins/kkeoosqgsw/zavnfnso.php?pass=deqvdtjew HTTP/1.1" 200 5647 "-" "Mozilla/5.0 (Windows NT 10.0; Win64; x64) AppleWebKit/537.36 (KHTML, like Gecko) Chrome/127.0.0.0 Safari/537.36"
107.174.169.152 - - [03/Jul/2026:01:34:57 +0700] "POST /wp-content/plugins/kkeoosqgsw/zavnfnso.php?pass=deqvdtjew HTTP/1.1" 200 45951 "-" "Mozilla/5.0 (Windows NT 10.0; Win64; x64) AppleWebKit/537.36 (KHTML, like Gecko) Chrome/127.0.0.0 Safari/537.36"
160.25.118.25 - - [03/Jul/2026:01:35:24 +0700] "GET /wp-json/wp/v2/posts HTTP/1.1" 301 5 "-" "Mozilla/5.0 (Windows NT 10.0; Win64; x64) AppleWebKit/537.36 (KHTML, like Gecko) Chrome/120.0.0.0 Safari/537.36"
43.153.71.132 - - [03/Jul/2026:01:38:53 +0700] "GET / HTTP/1.1" 200 21458 "-" "Mozilla/5.0 (iPhone; CPU iPhone OS 13_2_3 like Mac OS X) AppleWebKit/605.1.15 (KHTML, like Gecko) Version/13.0.3 Mobile/15E148 Safari/604.1"
137.59.47.73 - - [03/Jul/2026:01:40:36 +0700] "GET /wp-json/wp/v2/posts HTTP/1.1" 301 5 "-" "Mozilla/5.0 (Windows NT 10.0; Win64; x64) AppleWebKit/537.36 (KHTML, like Gecko) Chrome/120.0.0.0 Safari/537.36"
66.249.65.173 - - [03/Jul/2026:01:42:44 +0700] "GET /items/A401283294/ HTTP/1.1" 200 21444 "-" "Mozilla/5.0 (Linux; Android 6.0.1; Nexus 5X Build/MMB29P) AppleWebKit/537.36 (KHTML, like Gecko) Chrome/150.0.7871.46 Mobile Safari/537.36 (compatible; Googlebot/2.1; +http://www.google.com/bot.html)"
66.249.73.227 - - [03/Jul/2026:01:44:44 +0700] "GET /items/A400791054 HTTP/1.1" 301 5 "-" "Mozilla/5.0 (Linux; Android 6.0.1; Nexus 5X Build/MMB29P) AppleWebKit/537.36 (KHTML, like Gecko) Chrome/150.0.7871.46 Mobile Safari/537.36 (compatible; Googlebot/2.1; +http://www.google.com/bot.html)"
103.75.185.95 - - [03/Jul/2026:01:45:46 +0700] "POST /wp-cron.php?doing_wp_cron=1783017946.4238579273223876953125 HTTP/1.1" 200 31 "-" "WordPress/7.0; https://cuuhootoxemay-24h.com"
66.249.65.172 - - [03/Jul/2026:01:45:46 +0700] "GET /items/A400791054/ HTTP/1.1" 200 21503 "-" "Mozilla/5.0 (Linux; Android 6.0.1; Nexus 5X Build/MMB29P) AppleWebKit/537.36 (KHTML, like Gecko) Chrome/150.0.7871.46 Mobile Safari/537.36 (compatible; Googlebot/2.1; +http://www.google.com/bot.html)"
66.249.73.227 - - [03/Jul/2026:01:47:43 +0700] "GET /items/A398637434 HTTP/1.1" 301 5 "-" "Mozilla/5.0 (Linux; Android 6.0.1; Nexus 5X Build/MMB29P) AppleWebKit/537.36 (KHTML, like Gecko) Chrome/150.0.7871.46 Mobile Safari/537.36 (compatible; Googlebot/2.1; +http://www.google.com/bot.html)"
66.249.71.172 - - [03/Jul/2026:01:48:17 +0700] "GET /items/A398637434/ HTTP/1.1" 200 21462 "-" "Mozilla/5.0 (Linux; Android 6.0.1; Nexus 5X Build/MMB29P) AppleWebKit/537.36 (KHTML, like Gecko) Chrome/150.0.7871.46 Mobile Safari/537.36 (compatible; Googlebot/2.1; +http://www.google.com/bot.html)"
66.249.71.172 - - [03/Jul/2026:01:49:22 +0700] "GET /items/A119468052 HTTP/1.1" 301 5 "-" "Mozilla/5.0 (Linux; Android 6.0.1; Nexus 5X Build/MMB29P) AppleWebKit/537.36 (KHTML, like Gecko) Chrome/150.0.7871.46 Mobile Safari/537.36 (compatible; Googlebot/2.1; +http://www.google.com/bot.html)"
58.187.181.176 - - [03/Jul/2026:01:49:35 +0700] "GET /?gad_source=1&gad_campaignid=23198763052&gclid=CjwKCAjwmJjSBhB-EiwAkZgxizTq0dfsUkQs9RDnl2GqJZC7AOpkxTO8gzKqmTPKrCRyjsE1AxHEQhoCsEgQAvD_BwE HTTP/1.1" 200 21474 "https://www.google.com/" "Mozilla/5.0 (iPhone; CPU iPhone OS 18_5_0 like Mac OS X) AppleWebKit/605.1.15 (KHTML, like Gecko) CriOS/138.0.7204.119 Mobile/15E148 Safari/604.1"
58.187.181.176 - - [03/Jul/2026:01:49:35 +0700] "GET /wp-includes/js/wp-emoji-release.min.js?ver=7.0 HTTP/1.1" 304 0 "https://cuuhootoxemay-24h.com/?gad_source=1&gad_campaignid=23198763052&gclid=CjwKCAjwmJjSBhB-EiwAkZgxizTq0dfsUkQs9RDnl2GqJZC7AOpkxTO8gzKqmTPKrCRyjsE1AxHEQhoCsEgQAvD_BwE" "Mozilla/5.0 (iPhone; CPU iPhone OS 18_5_0 like Mac OS X) AppleWebKit/605.1.15 (KHTML, like Gecko) CriOS/138.0.7204.119 Mobile/15E148 Safari/604.1"
170.106.147.63 - - [03/Jul/2026:01:49:40 +0700] "GET / HTTP/1.1" 200 21438 "-" "Mozilla/5.0 (iPhone; CPU iPhone OS 13_2_3 like Mac OS X) AppleWebKit/605.1.15 (KHTML, like Gecko) Version/13.0.3 Mobile/15E148 Safari/604.1"
66.249.71.172 - - [03/Jul/2026:01:49:46 +0700] "GET /items/A119468052/ HTTP/1.1" 200 21503 "-" "Mozilla/5.0 (Linux; Android 6.0.1; Nexus 5X Build/MMB29P) AppleWebKit/537.36 (KHTML, like Gecko) Chrome/150.0.7871.46 Mobile Safari/537.36 (compatible; Googlebot/2.1; +http://www.google.com/bot.html)"
66.249.71.172 - - [03/Jul/2026:01:50:22 +0700] "GET / HTTP/1.1" 200 21490 "-" "Mozilla/5.0 (Linux; Android 6.0.1; Nexus 5X Build/MMB29P) AppleWebKit/537.36 (KHTML, like Gecko) Chrome/150.0.7871.46 Mobile Safari/537.36 (compatible; Googlebot/2.1; +http://www.google.com/bot.html)"
103.75.185.95 - - [03/Jul/2026:01:54:05 +0700] "POST /wp-cron.php?doing_wp_cron=1783018445.3683249950408935546875 HTTP/1.1" 200 31 "-" "WordPress/7.0; https://cuuhootoxemay-24h.com"
45.227.253.15 - - [03/Jul/2026:01:54:05 +0700] "GET /?of=1 HTTP/1.1" 200 21510 "-" "Mozilla/5.0 (Windows NT 6.2; WOW64) AppleWebKit/535.24 (KHTML, like Gecko) Chrome/80.0.1055.1 Safari/535.24"
43.134.93.164 - - [03/Jul/2026:01:57:31 +0700] "GET /wp-login.php HTTP/1.1" 200 3317 "-" "Mozilla/5.0 (iPhone; CPU iPhone OS 13_2_3 like Mac OS X) AppleWebKit/605.1.15 (KHTML, like Gecko) Version/13.0.3 Mobile/15E148 Safari/604.1"
66.249.65.172 - - [03/Jul/2026:01:57:57 +0700] "GET / HTTP/1.1" 200 21494 "-" "Mozilla/5.0 (Linux; Android 6.0.1; Nexus 5X Build/MMB29P) AppleWebKit/537.36 (KHTML, like Gecko) Chrome/150.0.7871.46 Mobile Safari/537.36 (compatible; Googlebot/2.1; +http://www.google.com/bot.html)"
45.227.253.15 - - [03/Jul/2026:01:58:49 +0700] "GET /index.php/jk HTTP/1.1" 301 5 "-" "Mozilla/5.0 (iPad; U; CPU OS 4_3_3 like Mac OS X; ja) AppleWebKit/533.17.9 (KHTML, like Gecko) Version/5.0.2 Mobile/8J2 Safari/6533.18.5"
45.227.253.15 - - [03/Jul/2026:01:58:50 +0700] "GET /jk/ HTTP/1.1" 200 21537 "https://cuuhootoxemay-24h.com/index.php/jk" "Mozilla/5.0 (iPad; U; CPU OS 4_3_3 like Mac OS X; ja) AppleWebKit/533.17.9 (KHTML, like Gecko) Version/5.0.2 Mobile/8J2 Safari/6533.18.5"
66.249.73.226 - - [03/Jul/2026:02:00:00 +0700] "GET /items/A380037188 HTTP/1.1" 301 5 "-" "Mozilla/5.0 (Linux; Android 6.0.1; Nexus 5X Build/MMB29P) AppleWebKit/537.36 (KHTML, like Gecko) Chrome/150.0.7871.46 Mobile Safari/537.36 (compatible; Googlebot/2.1; +http://www.google.com/bot.html)"
213.171.208.62 - - [03/Jul/2026:02:02:07 +0700] "GET /wp-login.php HTTP/1.1" 200 3317 "-" "Mozilla/5.0 (X11; Linux x86_64; rv:133.0) Gecko/20100101 Firefox/133.0"
213.171.208.62 - - [03/Jul/2026:02:02:09 +0700] "POST /wp-login.php HTTP/1.1" 200 3477 "https://cuuhootoxemay-24h.com/wp-login.php" "Mozilla/5.0 (X11; Linux x86_64; rv:133.0) Gecko/20100101 Firefox/133.0"
49.51.196.42 - - [03/Jul/2026:02:07:19 +0700] "GET /xmlrpc.php HTTP/1.1" 444 0 "-" "Mozilla/5.0 (iPhone; CPU iPhone OS 13_2_3 like Mac OS X) AppleWebKit/605.1.15 (KHTML, like Gecko) Version/13.0.3 Mobile/15E148 Safari/604.1"
171.253.240.122 - - [03/Jul/2026:02:08:56 +0700] "GET /?gad_source=1&gad_campaignid=23198763052&gbraid=0AAAABB1rTckelg8NAM6Ta-Ya7dd9tOxhQ&gclid=EAIaIQobChMIsaG7_te0lQMVvBF7Bx1CHgLoEAAYASAAEgKjefD_BwE HTTP/1.1" 499 0 "https://www.google.com/" "Mozilla/5.0 (iPhone; CPU iPhone OS 18_7 like Mac OS X) AppleWebKit/605.1.15 (KHTML, like Gecko) Version/26.6 Mobile/15E148 Safari/604.1"
171.253.240.122 - - [03/Jul/2026:02:09:06 +0700] "GET /?gad_source=1&gad_campaignid=23198763052&gbraid=0AAAABB1rTckelg8NAM6Ta-Ya7dd9tOxhQ&gclid=EAIaIQobChMIsaG7_te0lQMVvBF7Bx1CHgLoEAAYASAAEgKjefD_BwE HTTP/1.1" 200 21443 "https://www.google.com/" "Mozilla/5.0 (iPhone; CPU iPhone OS 18_7 like Mac OS X) AppleWebKit/605.1.15 (KHTML, like Gecko) Version/26.6 Mobile/15E148 Safari/604.1"
171.253.240.122 - - [03/Jul/2026:02:09:06 +0700] "GET /wp-content/themes/flatsome/assets/css/flatsome.css?ver=3.18.0 HTTP/1.1" 200 39344 "https://cuuhootoxemay-24h.com/?gad_source=1&gad_campaignid=23198763052&gbraid=0AAAABB1rTckelg8NAM6Ta-Ya7dd9tOxhQ&gclid=EAIaIQobChMIsaG7_te0lQMVvBF7Bx1CHgLoEAAYASAAEgKjefD_BwE" "Mozilla/5.0 (iPhone; CPU iPhone OS 18_7 like Mac OS X) AppleWebKit/605.1.15 (KHTML, like Gecko) Version/26.6 Mobile/15E148 Safari/604.1"
171.253.240.122 - - [03/Jul/2026:02:09:06 +0700] "GET /wp-content/themes/flatsome-child/style.css?ver=3.0 HTTP/1.1" 200 317 "https://cuuhootoxemay-24h.com/?gad_source=1&gad_campaignid=23198763052&gbraid=0AAAABB1rTckelg8NAM6Ta-Ya7dd9tOxhQ&gclid=EAIaIQobChMIsaG7_te0lQMVvBF7Bx1CHgLoEAAYASAAEgKjefD_BwE" "Mozilla/5.0 (iPhone; CPU iPhone OS 18_7 like Mac OS X) AppleWebKit/605.1.15 (KHTML, like Gecko) Version/26.6 Mobile/15E148 Safari/604.1"
171.253.240.122 - - [03/Jul/2026:02:09:06 +0700] "GET /wp-includes/js/hoverIntent.min.js?ver=1.10.2 HTTP/1.1" 200 733 "https://cuuhootoxemay-24h.com/?gad_source=1&gad_campaignid=23198763052&gbraid=0AAAABB1rTckelg8NAM6Ta-Ya7dd9tOxhQ&gclid=EAIaIQobChMIsaG7_te0lQMVvBF7Bx1CHgLoEAAYASAAEgKjefD_BwE" "Mozilla/5.0 (iPhone; CPU iPhone OS 18_7 like Mac OS X) AppleWebKit/605.1.15 (KHTML, like Gecko) Version/26.6 Mobile/15E148 Safari/604.1"
171.253.240.122 - - [03/Jul/2026:02:09:06 +0700] "GET /wp-includes/js/jquery/jquery.min.js?ver=3.7.1 HTTP/1.1" 200 35451 "https://cuuhootoxemay-24h.com/?gad_source=1&gad_campaignid=23198763052&gbraid=0AAAABB1rTckelg8NAM6Ta-Ya7dd9tOxhQ&gclid=EAIaIQobChMIsaG7_te0lQMVvBF7Bx1CHgLoEAAYASAAEgKjefD_BwE" "Mozilla/5.0 (iPhone; CPU iPhone OS 18_7 like Mac OS X) AppleWebKit/605.1.15 (KHTML, like Gecko) Version/26.6 Mobile/15E148 Safari/604.1"
171.253.240.122 - - [03/Jul/2026:02:09:06 +0700] "GET /wp-includes/js/jquery/jquery-migrate.min.js?ver=3.4.1 HTTP/1.1" 200 5355 "https://cuuhootoxemay-24h.com/?gad_source=1&gad_campaignid=23198763052&gbraid=0AAAABB1rTckelg8NAM6Ta-Ya7dd9tOxhQ&gclid=EAIaIQobChMIsaG7_te0lQMVvBF7Bx1CHgLoEAAYASAAEgKjefD_BwE" "Mozilla/5.0 (iPhone; CPU iPhone OS 18_7 like Mac OS X) AppleWebKit/605.1.15 (KHTML, like Gecko) Version/26.6 Mobile/15E148 Safari/604.1"
171.253.240.122 - - [03/Jul/2026:02:09:06 +0700] "GET /wp-content/themes/flatsome/inc/extensions/flatsome-live-search/flatsome-live-search.js?ver=3.18.0 HTTP/1.1" 200 5725 "https://cuuhootoxemay-24h.com/?gad_source=1&gad_campaignid=23198763052&gbraid=0AAAABB1rTckelg8NAM6Ta-Ya7dd9tOxhQ&gclid=EAIaIQobChMIsaG7_te0lQMVvBF7Bx1CHgLoEAAYASAAEgKjefD_BwE" "Mozilla/5.0 (iPhone; CPU iPhone OS 18_7 like Mac OS X) AppleWebKit/605.1.15 (KHTML, like Gecko) Version/26.6 Mobile/15E148 Safari/604.1"
171.253.240.122 - - [03/Jul/2026:02:09:06 +0700] "GET /wp-content/themes/flatsome/assets/js/flatsome.js?ver=039f9485eef603e7c53a HTTP/1.1" 200 19487 "https://cuuhootoxemay-24h.com/?gad_source=1&gad_campaignid=23198763052&gbraid=0AAAABB1rTckelg8NAM6Ta-Ya7dd9tOxhQ&gclid=EAIaIQobChMIsaG7_te0lQMVvBF7Bx1CHgLoEAAYASAAEgKjefD_BwE" "Mozilla/5.0 (iPhone; CPU iPhone OS 18_7 like Mac OS X) AppleWebKit/605.1.15 (KHTML, like Gecko) Version/26.6 Mobile/15E148 Safari/604.1"
